Last updated on 2023-11-30 05:50:48 CET.
Flavor | Version | Tinstall | Tcheck | Ttotal | Status | Flags |
---|---|---|---|---|---|---|
r-devel-linux-x86_64-debian-clang | 1.2.0 | 18.33 | 183.05 | 201.38 | OK | |
r-devel-linux-x86_64-debian-gcc | 1.2.0 | 17.02 | 134.80 | 151.82 | OK | |
r-devel-linux-x86_64-fedora-clang | 1.2.0 | 250.78 | NOTE | |||
r-devel-linux-x86_64-fedora-gcc | 1.2.0 | 263.32 | OK | |||
r-devel-windows-x86_64 | 1.2.0 | 18.00 | 143.00 | 161.00 | NOTE | |
r-patched-linux-x86_64 | 1.2.0 | 14.15 | 174.42 | 188.57 | OK | |
r-release-linux-x86_64 | 1.2.0 | 14.43 | 173.06 | 187.49 | OK | |
r-release-macos-arm64 | 1.2.0 | 84.00 | NOTE | |||
r-release-macos-x86_64 | 1.2.0 | 137.00 | NOTE | |||
r-release-windows-x86_64 | 1.2.0 | 23.00 | 180.00 | 203.00 | NOTE | |
r-oldrel-macos-arm64 | 1.2.0 | 69.00 | NOTE | |||
r-oldrel-macos-x86_64 | 1.2.0 | 117.00 | NOTE | |||
r-oldrel-windows-x86_64 | 1.2.0 | 23.00 | 188.00 | 211.00 | NOTE |
Version: 1.2.0
Check: installed package size
Result: NOTE
installed size is 5.1Mb
sub-directories of 1Mb or more:
doc 4.4Mb
Flavors: r-devel-linux-x86_64-fedora-clang, r-devel-windows-x86_64, r-release-macos-arm64, r-release-macos-x86_64, r-release-windows-x86_64, r-oldrel-macos-arm64, r-oldrel-macos-x86_64, r-oldrel-windows-x86_64