CRAN Package Check Results for Package DAMisc

Last updated on 2022-10-05 21:53:31 CEST.

Flavor Version Tinstall Tcheck Ttotal Status Flags
r-devel-linux-x86_64-debian-clang 1.7.2 29.99 269.43 299.42 OK
r-devel-linux-x86_64-debian-gcc 1.7.2 26.33 194.46 220.79 OK
r-devel-linux-x86_64-fedora-clang 1.7.2 377.77 NOTE
r-devel-linux-x86_64-fedora-gcc 1.7.2 378.38 OK
r-devel-windows-x86_64 1.7.2 65.00 311.00 376.00 OK
r-patched-linux-x86_64 1.7.2 37.54 249.71 287.25 OK
r-release-linux-x86_64 1.7.2 30.97 243.40 274.37 OK
r-release-macos-arm64 1.7.2 138.00 OK
r-release-macos-x86_64 1.7.2 258.00 OK
r-release-windows-x86_64 1.7.2 60.00 293.00 353.00 OK
r-oldrel-macos-arm64 1.7.2 114.00 OK
r-oldrel-macos-x86_64 1.7.2 203.00 OK
r-oldrel-windows-ix86+x86_64 1.7.2 60.00 289.00 349.00 OK

Check Details

Version: 1.7.2
Check: package dependencies
Result: NOTE
    Imports includes 25 non-default packages.
    Importing from so many packages makes the package vulnerable to any of
    them becoming unavailable. Move as many as possible to Suggests and
    use conditionally.
Flavor: r-devel-linux-x86_64-fedora-clang