CRAN Package Check Results for Package DDPGPSurv

Last updated on 2019-09-23 15:47:03 CEST.

Flavor Version Tinstall Tcheck Ttotal Status Flags
r-devel-linux-x86_64-debian-clang 1.0 30.96 67.81 98.77 NOTE
r-devel-linux-x86_64-debian-gcc 1.0 29.84 53.01 82.85 NOTE
r-devel-linux-x86_64-fedora-clang 1.0 137.48 NOTE
r-devel-linux-x86_64-fedora-gcc 1.0 137.82 NOTE
r-devel-windows-ix86+x86_64 1.0 88.00 159.00 247.00 OK
r-patched-linux-x86_64 1.0 34.01 65.83 99.84 NOTE
r-patched-solaris-x86 1.0 160.70 OK
r-release-linux-x86_64 1.0 32.63 66.58 99.21 NOTE
r-release-windows-ix86+x86_64 1.0 84.00 159.00 243.00 OK
r-release-osx-x86_64 1.0 OK
r-oldrel-windows-ix86+x86_64 1.0 55.00 102.00 157.00 OK
r-oldrel-osx-x86_64 1.0 OK

Check Details

Version: 1.0
Check: use of SHLIB_OPENMP_*FLAGS in Makefiles
Result: NOTE
     src/Makevars: SHLIB_OPENMP_CXXFLAGS is included in PKG_CXXFLAGS but not in PKG_LIBS
     src/Makevars: SHLIB_OPENMP_CFLAGS is included in PKG_LIBS but linking is by C++
     src/Makevars.win: SHLIB_OPENMP_CXXFLAGS is included in PKG_CXXFLAGS but not in PKG_LIBS
     src/Makevars.win: SHLIB_OPENMP_CFLAGS is included in PKG_LIBS but linking is by C++
    Use of these macros is discussed in sect 1.2.1.1 of 'Writing R
    Extensions'. The macros for different languages may differ so the
    matching macro must be used in PKG_CXXFLAGS (etc) and match that used
    in PKG_LIBS (except for Fortran: see the manual).
Flavors: r-devel-linux-x86_64-debian-clang, r-devel-linux-x86_64-debian-gcc, r-devel-linux-x86_64-fedora-clang, r-devel-linux-x86_64-fedora-gcc, r-patched-linux-x86_64, r-release-linux-x86_64