CRAN Package Check Results for Package DDPGPSurv

Last updated on 2020-06-01 15:47:40 CEST.

Flavor Version Tinstall Tcheck Ttotal Status Flags
r-devel-linux-x86_64-debian-clang 1.0 42.27 75.80 118.07 NOTE
r-devel-linux-x86_64-debian-gcc 1.0 35.76 58.28 94.04 NOTE
r-devel-linux-x86_64-fedora-clang 1.0 161.48 NOTE
r-devel-linux-x86_64-fedora-gcc 1.0 145.53 NOTE
r-devel-windows-ix86+x86_64 1.0 101.00 179.00 280.00 OK
r-patched-linux-x86_64 1.0 36.70 74.47 111.17 NOTE
r-patched-solaris-x86 1.0 184.40 OK
r-release-linux-x86_64 1.0 35.21 75.88 111.09 NOTE
r-release-osx-x86_64 1.0 OK
r-release-windows-ix86+x86_64 1.0 75.00 170.00 245.00 OK
r-oldrel-osx-x86_64 1.0 OK
r-oldrel-windows-ix86+x86_64 1.0 92.00 123.00 215.00 OK

Check Details

Version: 1.0
Check: use of SHLIB_OPENMP_*FLAGS in Makefiles
Result: NOTE
     src/Makevars: SHLIB_OPENMP_CXXFLAGS is included in PKG_CXXFLAGS but not in PKG_LIBS
     src/Makevars: SHLIB_OPENMP_CFLAGS is included in PKG_LIBS but linking is by C++
     src/Makevars.win: SHLIB_OPENMP_CXXFLAGS is included in PKG_CXXFLAGS but not in PKG_LIBS
     src/Makevars.win: SHLIB_OPENMP_CFLAGS is included in PKG_LIBS but linking is by C++
    Use of these macros is discussed in sect 1.2.1.1 of 'Writing R
    Extensions'. The macros for different languages may differ so the
    matching macro must be used in PKG_CXXFLAGS (etc) and match that used
    in PKG_LIBS (except for Fortran: see the manual).
Flavors: r-devel-linux-x86_64-debian-clang, r-devel-linux-x86_64-debian-gcc, r-devel-linux-x86_64-fedora-clang, r-devel-linux-x86_64-fedora-gcc, r-patched-linux-x86_64, r-release-linux-x86_64