CRAN Package Check Results for Package DEPONS2R

Last updated on 2021-10-28 10:51:33 CEST.

Flavor Version Tinstall Tcheck Ttotal Status Flags
r-devel-linux-x86_64-debian-clang 1.0.3 40.31 238.36 278.67 OK
r-devel-linux-x86_64-debian-gcc 1.0.3 31.98 179.08 211.06 OK
r-devel-linux-x86_64-fedora-clang 1.0.3 344.44 NOTE
r-devel-linux-x86_64-fedora-gcc 1.0.3 333.87 NOTE
r-devel-windows-x86_64 1.0.3 56.00 271.00 327.00 OK
r-devel-windows-x86_64-gcc10-UCRT 1.0.3 NOTE
r-patched-linux-x86_64 1.0.3 38.85 233.37 272.22 OK
r-patched-solaris-x86 1.0.3 237.50 NOTE
r-release-linux-x86_64 1.0.3 33.95 234.62 268.57 OK
r-release-macos-arm64 1.0.3 NOTE
r-release-macos-x86_64 1.0.3 NOTE
r-release-windows-ix86+x86_64 1.0.3 50.00 262.00 312.00 OK
r-oldrel-macos-x86_64 1.0.3 NOTE
r-oldrel-windows-ix86+x86_64 1.0.3 53.00 543.00 596.00 OK

Check Details

Version: 1.0.3
Check: dependencies in R code
Result: NOTE
    Namespace in Imports field not imported from: ‘grDevices’
     All declared Imports should be used.
Flavors: r-devel-linux-x86_64-fedora-clang, r-devel-linux-x86_64-fedora-gcc, r-devel-windows-x86_64-gcc10-UCRT, r-patched-solaris-x86, r-release-macos-arm64, r-release-macos-x86_64, r-oldrel-macos-x86_64