Last updated on 2022-06-25 02:52:14 CEST.
Flavor | Version | Tinstall | Tcheck | Ttotal | Status | Flags |
---|---|---|---|---|---|---|
r-devel-linux-x86_64-debian-clang | 0.2.3 | 12.45 | 105.04 | 117.49 | OK | |
r-devel-linux-x86_64-debian-gcc | 0.2.3 | 10.92 | 78.88 | 89.80 | OK | |
r-devel-linux-x86_64-fedora-clang | 0.2.3 | 156.83 | WARN | |||
r-devel-linux-x86_64-fedora-gcc | 0.2.3 | 158.52 | WARN | |||
r-devel-windows-x86_64 | 0.2.3 | 31.00 | 121.00 | 152.00 | OK | |
r-patched-linux-x86_64 | 0.2.3 | 13.19 | 99.94 | 113.13 | OK | |
r-release-linux-x86_64 | 0.2.3 | 11.75 | 99.35 | 111.10 | OK | |
r-release-macos-arm64 | 0.2.3 | 41.00 | OK | |||
r-release-macos-x86_64 | 0.2.3 | 72.00 | OK | |||
r-release-windows-x86_64 | 0.2.3 | 37.00 | 126.00 | 163.00 | OK | |
r-oldrel-macos-arm64 | 0.2.3 | 41.00 | OK | |||
r-oldrel-macos-x86_64 | 0.2.3 | 58.00 | OK | |||
r-oldrel-windows-ix86+x86_64 | 0.2.3 | 29.00 | 123.00 | 152.00 | OK |
Version: 0.2.3
Check: package dependencies
Result: WARN
Requires (indirectly) orphaned package: ‘gtools’
Flavors: r-devel-linux-x86_64-fedora-clang, r-devel-linux-x86_64-fedora-gcc