CRAN Package Check Results for Package DHS.rates

Last updated on 2020-11-25 08:50:34 CET.

Flavor Version Tinstall Tcheck Ttotal Status Flags
r-devel-linux-x86_64-debian-clang 0.8.0 8.56 84.29 92.85 OK
r-devel-linux-x86_64-debian-gcc 0.8.0 7.10 62.01 69.11 OK
r-devel-linux-x86_64-fedora-clang 0.8.0 119.54 NOTE
r-devel-linux-x86_64-fedora-gcc 0.8.0 107.38 NOTE
r-devel-windows-ix86+x86_64 0.8.0 15.00 97.00 112.00 OK
r-patched-linux-x86_64 0.8.0 8.83 78.26 87.09 OK
r-patched-solaris-x86 0.8.0 141.00 NOTE
r-release-linux-x86_64 0.8.0 9.39 78.04 87.43 OK
r-release-macos-x86_64 0.8.0 NOTE
r-release-windows-ix86+x86_64 0.8.0 17.00 105.00 122.00 OK
r-oldrel-macos-x86_64 0.8.0 NOTE
r-oldrel-windows-ix86+x86_64 0.8.0 9.00 79.00 88.00 OK

Check Details

Version: 0.8.0
Check: dependencies in R code
Result: NOTE
    Namespace in Imports field not imported from: ‘rlang’
     All declared Imports should be used.
Flavors: r-devel-linux-x86_64-fedora-clang, r-devel-linux-x86_64-fedora-gcc, r-patched-solaris-x86, r-release-macos-x86_64, r-oldrel-macos-x86_64