CRAN Package Check Results for Package DIME

Last updated on 2019-10-15 02:48:57 CEST.

Flavor Version Tinstall Tcheck Ttotal Status Flags
r-devel-linux-x86_64-debian-clang 1.2 5.05 41.60 46.65 NOTE
r-devel-linux-x86_64-debian-gcc 1.2 3.66 30.53 34.19 NOTE
r-devel-linux-x86_64-fedora-clang 1.2 54.03 NOTE
r-devel-linux-x86_64-fedora-gcc 1.2 51.12 NOTE
r-devel-windows-ix86+x86_64 1.2 15.00 94.00 109.00 NOTE
r-patched-linux-x86_64 1.2 3.74 39.83 43.57 NOTE
r-patched-solaris-x86 1.2 71.10 NOTE
r-release-linux-x86_64 1.2 3.77 39.35 43.12 NOTE
r-release-windows-ix86+x86_64 1.2 10.00 90.00 100.00 NOTE
r-release-osx-x86_64 1.2 NOTE
r-oldrel-windows-ix86+x86_64 1.2 9.00 60.00 69.00 NOTE
r-oldrel-osx-x86_64 1.2 NOTE

Check Details

Version: 1.2
Check: R code for possible problems
Result: NOTE
    DIME: no visible global function definition for 'sd'
    DIME.classify: no visible global function definition for 'quantile'
    gng.fit: no visible global function definition for 'runif'
    gng.fit: no visible global function definition for 'sd'
    gng.fit: no visible global function definition for 'rnorm'
    gng.fit: no visible global function definition for 'dnorm'
    gng.fit: no visible global function definition for 'dexp'
    gng.plot.comp: no visible global function definition for 'dexp'
    gng.plot.comp: no visible global function definition for 'dnorm'
    gng.plot.comp: no visible global function definition for 'plot'
    gng.plot.comp: no visible global function definition for 'lines'
    gng.plot.comp: no visible global function definition for 'legend'
    gng.plot.comp: no visible global function definition for 'title'
    gng.plot.fit: no visible global function definition for 'hist'
    gng.plot.mix: no visible global function definition for 'dnorm'
    gng.plot.mix: no visible global function definition for 'dexp'
    gng.plot.mix: no visible binding for global variable 'plot'
    gng.plot.mix: no visible binding for global variable 'lines'
    gng.plot.qq: no visible global function definition for 'runif'
    gng.plot.qq: no visible global function definition for 'qqplot'
    gng.plot.qq: no visible global function definition for 'abline'
    gng.qq.plot.internal: no visible global function definition for
     'rgamma'
    gng.qq.plot.internal: no visible global function definition for 'rnorm'
    huber: no visible global function definition for 'sd'
    inudge.fit: no visible global function definition for 'var'
    inudge.fit: no visible global function definition for 'runif'
    inudge.fit: no visible global function definition for 'dnorm'
    inudge.fit: no visible global function definition for 'dunif'
    inudge.plot.comp: no visible global function definition for 'dunif'
    inudge.plot.comp: no visible global function definition for 'dnorm'
    inudge.plot.comp: no visible global function definition for 'plot'
    inudge.plot.comp: no visible global function definition for 'lines'
    inudge.plot.comp: no visible global function definition for 'legend'
    inudge.plot.comp: no visible global function definition for 'title'
    inudge.plot.fit: no visible global function definition for 'hist'
    inudge.plot.mix: no visible global function definition for 'dunif'
    inudge.plot.mix: no visible global function definition for 'dnorm'
    inudge.plot.mix: no visible binding for global variable 'plot'
    inudge.plot.mix: no visible binding for global variable 'lines'
    inudge.plot.qq: no visible global function definition for 'runif'
    inudge.plot.qq: no visible global function definition for 'qqplot'
    inudge.plot.qq: no visible global function definition for 'abline'
    inudge.qq.plot.internal: no visible global function definition for
     'runif'
    inudge.qq.plot.internal: no visible global function definition for
     'rnorm'
    Undefined global functions or variables:
     abline dexp dnorm dunif hist legend lines plot qqplot quantile rgamma
     rnorm runif sd title var
    Consider adding
     importFrom("graphics", "abline", "hist", "legend", "lines", "plot",
     "title")
     importFrom("stats", "dexp", "dnorm", "dunif", "qqplot", "quantile",
     "rgamma", "rnorm", "runif", "sd", "var")
    to your NAMESPACE file.
Flavors: r-devel-linux-x86_64-debian-clang, r-devel-linux-x86_64-debian-gcc, r-devel-linux-x86_64-fedora-clang, r-devel-linux-x86_64-fedora-gcc, r-devel-windows-ix86+x86_64, r-patched-linux-x86_64, r-patched-solaris-x86, r-release-linux-x86_64, r-release-windows-ix86+x86_64, r-release-osx-x86_64, r-oldrel-windows-ix86+x86_64, r-oldrel-osx-x86_64

Version: 1.2
Check: compiled code
Result: NOTE
    File ‘DIME/libs/DIME.so’:
     Found no calls to: ‘R_registerRoutines’, ‘R_useDynamicSymbols’
    
    It is good practice to register native routines and to disable symbol
    search.
    
    See ‘Writing portable packages’ in the ‘Writing R Extensions’ manual.
Flavors: r-devel-linux-x86_64-fedora-clang, r-devel-linux-x86_64-fedora-gcc