CRAN Package Check Results for Package DNMF

Last updated on 2020-02-23 10:48:48 CET.

Flavor Version Tinstall Tcheck Ttotal Status Flags
r-devel-linux-x86_64-debian-clang 1.3 7.19 56.36 63.55 NOTE
r-devel-linux-x86_64-debian-gcc 1.3 6.80 43.92 50.72 NOTE
r-devel-linux-x86_64-fedora-clang 1.3 79.79 WARN
r-devel-linux-x86_64-fedora-gcc 1.3 76.03 NOTE
r-devel-windows-ix86+x86_64 1.3 15.00 61.00 76.00 NOTE
r-devel-windows-ix86+x86_64-gcc8 1.3 18.00 89.00 107.00 NOTE
r-patched-linux-x86_64 1.3 NOTE
r-patched-solaris-x86 1.3 115.60 NOTE
r-release-linux-x86_64 1.3 7.51 49.76 57.27 NOTE
r-release-windows-ix86+x86_64 1.3 10.00 63.00 73.00 NOTE
r-release-osx-x86_64 1.3 NOTE
r-oldrel-windows-ix86+x86_64 1.3 10.00 65.00 75.00 NOTE
r-oldrel-osx-x86_64 1.3 NOTE

Check Details

Version: 1.3
Check: R code for possible problems
Result: NOTE
    DNMF: no visible global function definition for 'runif'
    NMFpval: no visible global function definition for 'p.adjust'
    ndNMF: no visible global function definition for 'runif'
    rnk: no visible global function definition for 'write.table'
    Undefined global functions or variables:
     p.adjust runif write.table
    Consider adding
     importFrom("stats", "p.adjust", "runif")
     importFrom("utils", "write.table")
    to your NAMESPACE file.
Flavors: r-devel-linux-x86_64-debian-clang, r-devel-linux-x86_64-debian-gcc, r-devel-linux-x86_64-fedora-clang, r-devel-linux-x86_64-fedora-gcc, r-devel-windows-ix86+x86_64, r-devel-windows-ix86+x86_64-gcc8, r-patched-linux-x86_64, r-patched-solaris-x86, r-release-linux-x86_64, r-release-windows-ix86+x86_64, r-release-osx-x86_64, r-oldrel-windows-ix86+x86_64, r-oldrel-osx-x86_64

Version: 1.3
Check: package dependencies
Result: WARN
    Requires orphaned package: ‘gplots’
Flavor: r-devel-linux-x86_64-fedora-clang