CRAN Package Check Results for Package DOVE

Last updated on 2022-01-22 22:52:08 CET.

Flavor Version Tinstall Tcheck Ttotal Status Flags
r-devel-linux-x86_64-debian-clang 1.8 100.44 271.70 372.14 OK
r-devel-linux-x86_64-debian-gcc 1.8 69.26 200.10 269.36 OK
r-devel-linux-x86_64-fedora-clang 1.8 477.88 OK
r-devel-linux-x86_64-fedora-gcc 1.8 439.40 OK
r-devel-windows-x86_64-new-UL 1.8 88.00 306.00 394.00 OK
r-devel-windows-x86_64-new-TK 1.8 OK
r-patched-linux-x86_64 1.8 80.12 258.28 338.40 OK
r-release-linux-x86_64 1.8 76.53 261.75 338.28 OK
r-release-macos-arm64 1.8 NOTE
r-release-macos-x86_64 1.8 OK
r-release-windows-ix86+x86_64 1.8 209.00 367.00 576.00 OK
r-oldrel-macos-x86_64 1.8 OK
r-oldrel-windows-ix86+x86_64 1.8 212.00 371.00 583.00 OK

Check Details

Version: 1.8
Check: installed package size
Result: NOTE
     installed size is 5.7Mb
     sub-directories of 1Mb or more:
     libs 5.1Mb
Flavor: r-release-macos-arm64