CRAN Package Check Results for Package DPP

Last updated on 2022-01-16 22:51:10 CET.

Flavor Version Tinstall Tcheck Ttotal Status Flags
r-devel-linux-x86_64-debian-clang 0.1.2 51.17 61.94 113.11 OK
r-devel-linux-x86_64-debian-gcc 0.1.2 37.82 54.39 92.21 OK
r-devel-linux-x86_64-fedora-clang 0.1.2 163.17 NOTE
r-devel-linux-x86_64-fedora-gcc 0.1.2 139.47 OK
r-devel-windows-x86_64-new-UL 0.1.2 60.00 104.00 164.00 OK
r-devel-windows-x86_64-new-TK 0.1.2 OK
r-patched-linux-x86_64 0.1.2 45.12 60.88 106.00 OK
r-release-linux-x86_64 0.1.2 OK
r-release-macos-arm64 0.1.2 NOTE
r-release-macos-x86_64 0.1.2 NOTE
r-release-windows-ix86+x86_64 0.1.2 124.00 110.00 234.00 OK
r-oldrel-macos-x86_64 0.1.2 NOTE
r-oldrel-windows-ix86+x86_64 0.1.2 123.00 118.00 241.00 OK

Check Details

Version: 0.1.2
Check: installed package size
Result: NOTE
     installed size is 5.4Mb
     sub-directories of 1Mb or more:
     libs 4.8Mb
Flavors: r-devel-linux-x86_64-fedora-clang, r-release-macos-arm64, r-release-macos-x86_64, r-oldrel-macos-x86_64