Last updated on 2023-11-30 23:55:37 CET.
Flavor | Version | Tinstall | Tcheck | Ttotal | Status | Flags |
---|---|---|---|---|---|---|
r-devel-linux-x86_64-debian-clang | 0.2.3 | 6.85 | 55.84 | 62.69 | NOTE | |
r-devel-linux-x86_64-debian-gcc | 0.2.3 | 6.59 | 41.93 | 48.52 | NOTE | |
r-devel-linux-x86_64-fedora-clang | 0.2.3 | 82.73 | OK | |||
r-devel-linux-x86_64-fedora-gcc | 0.2.3 | 74.59 | OK | |||
r-devel-windows-x86_64 | 0.2.3 | 8.00 | 66.00 | 74.00 | OK | |
r-patched-linux-x86_64 | 0.2.3 | 6.53 | 53.30 | 59.83 | OK | |
r-release-linux-x86_64 | 0.2.3 | 5.29 | 53.77 | 59.06 | OK | |
r-release-macos-arm64 | 0.2.3 | 28.00 | OK | |||
r-release-macos-x86_64 | 0.2.3 | 46.00 | OK | |||
r-release-windows-x86_64 | 0.2.3 | 10.00 | 73.00 | 83.00 | OK | |
r-oldrel-macos-arm64 | 0.2.3 | 32.00 | OK | |||
r-oldrel-macos-x86_64 | 0.2.3 | 40.00 | OK | |||
r-oldrel-windows-x86_64 | 0.2.3 | 11.00 | 78.00 | 89.00 | OK |
Version: 0.2.3
Check: Rd files
Result: NOTE
checkRd: (-1) module_atemp_pl_server.Rd:19: Lost braces; missing escapes or markup?
19 | expression: input_re = reactive({input})}
| ^
checkRd: (-1) module_completeness_server.Rd:19: Lost braces; missing escapes or markup?
19 | expression: input_re = reactive({input})}
| ^
checkRd: (-1) module_config_server.Rd:19: Lost braces; missing escapes or markup?
19 | expression: input_re = reactive({input})}
| ^
checkRd: (-1) module_dashboard_server.Rd:19: Lost braces; missing escapes or markup?
19 | expression: input_re = reactive({input})}
| ^
checkRd: (-1) module_descriptive_server.Rd:19: Lost braces; missing escapes or markup?
19 | expression: input_re = reactive({input})}
| ^
checkRd: (-1) module_log_server.Rd:19: Lost braces; missing escapes or markup?
19 | expression: input_re = reactive({input})}
| ^
checkRd: (-1) module_mdr_server.Rd:19: Lost braces; missing escapes or markup?
19 | expression: input_re = reactive({input})}
| ^
checkRd: (-1) module_report_server.Rd:19: Lost braces; missing escapes or markup?
19 | expression: input_re = reactive({input})}
| ^
checkRd: (-1) module_uniq_plaus_server.Rd:19: Lost braces; missing escapes or markup?
19 | expression: input_re = reactive({input})}
| ^
Flavors: r-devel-linux-x86_64-debian-clang, r-devel-linux-x86_64-debian-gcc