CRAN Package Check Results for Package DRAYL

Last updated on 2022-08-14 00:54:19 CEST.

Flavor Version Tinstall Tcheck Ttotal Status Flags
r-devel-linux-x86_64-debian-clang 1.0 3.37 40.37 43.74 NOTE
r-devel-linux-x86_64-debian-gcc 1.0 2.43 30.69 33.12 NOTE
r-devel-linux-x86_64-fedora-clang 1.0 63.11 NOTE
r-devel-linux-x86_64-fedora-gcc 1.0 63.57 NOTE
r-devel-windows-x86_64 1.0 14.00 65.00 79.00 NOTE
r-patched-linux-x86_64 1.0 3.31 38.79 42.10 NOTE
r-release-linux-x86_64 1.0 2.89 38.27 41.16 NOTE
r-release-macos-arm64 1.0 20.00 NOTE
r-release-macos-x86_64 1.0 28.00 NOTE
r-release-windows-x86_64 1.0 7.00 65.00 72.00 NOTE
r-oldrel-macos-arm64 1.0 23.00 NOTE
r-oldrel-macos-x86_64 1.0 35.00 NOTE
r-oldrel-windows-ix86+x86_64 1.0 8.00 61.00 69.00 NOTE

Check Details

Version: 1.0
Check: LazyData
Result: NOTE
     'LazyData' is specified without a 'data' directory
Flavors: r-devel-linux-x86_64-debian-clang, r-devel-linux-x86_64-debian-gcc, r-devel-linux-x86_64-fedora-clang, r-devel-linux-x86_64-fedora-gcc, r-devel-windows-x86_64, r-patched-linux-x86_64, r-release-linux-x86_64, r-release-macos-arm64, r-release-macos-x86_64, r-release-windows-x86_64, r-oldrel-macos-arm64, r-oldrel-macos-x86_64, r-oldrel-windows-ix86+x86_64