CRAN Package Check Results for Package DTAT

Last updated on 2020-12-03 10:49:02 CET.

Flavor Version Tinstall Tcheck Ttotal Status Flags
r-devel-linux-x86_64-debian-clang 0.3-4 14.21 122.65 136.86 OK
r-devel-linux-x86_64-debian-gcc 0.3-4 11.45 91.24 102.69 OK
r-devel-linux-x86_64-fedora-clang 0.3-4 169.80 OK
r-devel-linux-x86_64-fedora-gcc 0.3-4 160.64 OK
r-devel-windows-ix86+x86_64 0.3-4 31.00 145.00 176.00 OK
r-patched-linux-x86_64 0.3-4 14.91 112.47 127.38 OK
r-patched-solaris-x86 0.3-4 226.40 WARN
r-release-linux-x86_64 0.3-4 10.35 112.64 122.99 OK
r-release-macos-x86_64 0.3-4 WARN
r-release-windows-ix86+x86_64 0.3-4 29.00 103.00 132.00 OK
r-oldrel-macos-x86_64 0.3-4 WARN
r-oldrel-windows-ix86+x86_64 0.3-4 25.00 143.00 168.00 OK

Check Details

Version: 0.3-4
Check: re-building of vignette outputs
Result: WARN
    Error(s) in re-building vignettes:
     ...
    --- re-building ‘Designing-33PC.Rmd’ using rmarkdown
    Warning in engine$weave(file, quiet = quiet, encoding = enc) :
     Pandoc (>= 1.12.3) and/or pandoc-citeproc not available. Falling back to R Markdown v1.
    Quitting from lines 164-165 (Designing-33PC.Rmd)
    Error: processing vignette 'Designing-33PC.Rmd' failed with diagnostics:
    there is no package called 'webshot'
    --- failed re-building ‘Designing-33PC.Rmd’
    
    SUMMARY: processing the following file failed:
     ‘Designing-33PC.Rmd’
    
    Error: Vignette re-building failed.
    Execution halted
Flavor: r-patched-solaris-x86

Version: 0.3-4
Check: re-building of vignette outputs
Result: WARN
    Error(s) in re-building vignettes:
     ...
    --- re-building ‘Designing-33PC.Rmd’ using rmarkdown
    Warning in engine$weave(file, quiet = quiet, encoding = enc) :
     Pandoc (>= 1.12.3) and/or pandoc-citeproc not available. Falling back to R Markdown v1.
    Quitting from lines 164-165 (Designing-33PC.Rmd)
    Error: processing vignette 'Designing-33PC.Rmd' failed with diagnostics:
    cannot open the connection
    --- failed re-building ‘Designing-33PC.Rmd’
    
    SUMMARY: processing the following file failed:
     ‘Designing-33PC.Rmd’
    
    Error: Vignette re-building failed.
    Execution halted
Flavors: r-release-macos-x86_64, r-oldrel-macos-x86_64