CRAN Package Check Results for Package DTDA.ni

Last updated on 2020-02-23 09:47:32 CET.

Flavor Version Tinstall Tcheck Ttotal Status Flags
r-devel-linux-x86_64-debian-clang 1.0 1.80 21.09 22.89 NOTE
r-devel-linux-x86_64-debian-gcc 1.0 1.52 16.99 18.51 NOTE
r-devel-linux-x86_64-fedora-clang 1.0 29.34 OK
r-devel-linux-x86_64-fedora-gcc 1.0 27.93 OK
r-devel-windows-ix86+x86_64 1.0 6.00 31.00 37.00 NOTE
r-devel-windows-ix86+x86_64-gcc8 1.0 7.00 40.00 47.00 NOTE
r-patched-linux-x86_64 1.0 OK
r-patched-solaris-x86 1.0 41.60 OK
r-release-linux-x86_64 1.0 1.47 19.22 20.69 OK
r-release-windows-ix86+x86_64 1.0 5.00 30.00 35.00 OK
r-release-osx-x86_64 1.0 OK
r-oldrel-windows-ix86+x86_64 1.0 4.00 34.00 38.00 OK
r-oldrel-osx-x86_64 1.0 OK

Check Details

Version: 1.0
Check: package vignettes
Result: NOTE
    Package vignette with placeholder title 'Vignette Title':
     'vignette.Rmd'
Flavors: r-devel-linux-x86_64-debian-clang, r-devel-linux-x86_64-debian-gcc, r-devel-windows-ix86+x86_64, r-devel-windows-ix86+x86_64-gcc8