CRAN Package Check Results for Package DatabionicSwarm

Last updated on 2022-01-25 00:49:45 CET.

Flavor Version Tinstall Tcheck Ttotal Status Flags
r-devel-linux-x86_64-debian-clang 1.1.5 135.62 118.02 253.64 OK
r-devel-linux-x86_64-debian-gcc 1.1.5 101.02 82.97 183.99 OK
r-devel-linux-x86_64-fedora-clang 1.1.5 366.07 NOTE
r-devel-linux-x86_64-fedora-gcc 1.1.5 336.66 OK
r-devel-windows-x86_64-new-UL 1.1.5 180.00 170.00 350.00 OK
r-devel-windows-x86_64-new-TK 1.1.5 OK
r-patched-linux-x86_64 1.1.5 115.84 117.38 233.22 OK
r-release-linux-x86_64 1.1.5 122.64 106.47 229.11 OK
r-release-macos-arm64 1.1.5 NOTE
r-release-macos-x86_64 1.1.5 NOTE
r-release-windows-ix86+x86_64 1.1.5 357.00 167.00 524.00 NOTE
r-oldrel-macos-x86_64 1.1.5 NOTE
r-oldrel-windows-ix86+x86_64 1.1.5 359.00 175.00 534.00 NOTE

Check Details

Version: 1.1.5
Check: installed package size
Result: NOTE
     installed size is 6.9Mb
     sub-directories of 1Mb or more:
     doc 3.0Mb
     libs 3.5Mb
Flavors: r-devel-linux-x86_64-fedora-clang, r-release-macos-arm64, r-release-macos-x86_64, r-release-windows-ix86+x86_64, r-oldrel-macos-x86_64, r-oldrel-windows-ix86+x86_64