CRAN Package Check Results for Package DeLorean

Last updated on 2019-12-13 22:49:11 CET.

Flavor Version Tinstall Tcheck Ttotal Status Flags
r-devel-linux-x86_64-debian-clang 1.5.0 427.23 319.17 746.40 NOTE
r-devel-linux-x86_64-debian-gcc 1.5.0 427.51 253.07 680.58 NOTE
r-devel-linux-x86_64-fedora-clang 1.5.0 1023.86 NOTE
r-devel-linux-x86_64-fedora-gcc 1.5.0 1135.18 NOTE
r-devel-windows-ix86+x86_64 1.5.0 749.00 389.00 1138.00 NOTE
r-devel-windows-ix86+x86_64-gcc8 1.5.0 806.00 531.00 1337.00 NOTE
r-patched-linux-x86_64 1.5.0 447.61 304.42 752.03 NOTE
r-patched-solaris-x86 1.5.0 1049.70 NOTE
r-release-linux-x86_64 1.5.0 446.93 299.57 746.50 NOTE
r-release-windows-ix86+x86_64 1.5.0 808.00 355.00 1163.00 NOTE
r-release-osx-x86_64 1.5.0 NOTE
r-oldrel-windows-ix86+x86_64 1.5.0 789.00 381.00 1170.00 NOTE
r-oldrel-osx-x86_64 1.5.0 NOTE

Check Details

Version: 1.5.0
Check: for GNU extensions in Makefiles
Result: NOTE
    GNU make is a SystemRequirements.
Flavors: r-devel-linux-x86_64-debian-clang, r-devel-linux-x86_64-debian-gcc, r-devel-linux-x86_64-fedora-clang, r-devel-linux-x86_64-fedora-gcc, r-devel-windows-ix86+x86_64, r-devel-windows-ix86+x86_64-gcc8, r-patched-linux-x86_64, r-patched-solaris-x86, r-release-linux-x86_64, r-release-windows-ix86+x86_64, r-release-osx-x86_64, r-oldrel-windows-ix86+x86_64, r-oldrel-osx-x86_64

Version: 1.5.0
Check: installed package size
Result: NOTE
     installed size is 80.9Mb
     sub-directories of 1Mb or more:
     libs 78.1Mb
Flavors: r-devel-linux-x86_64-fedora-clang, r-devel-windows-ix86+x86_64, r-devel-windows-ix86+x86_64-gcc8, r-patched-solaris-x86, r-release-windows-ix86+x86_64, r-release-osx-x86_64, r-oldrel-windows-ix86+x86_64, r-oldrel-osx-x86_64

Version: 1.5.0
Check: top-level files
Result: NOTE
    ‘configure’: /bin/bash is not portable
Flavors: r-devel-linux-x86_64-fedora-clang, r-devel-linux-x86_64-fedora-gcc

Version: 1.5.0
Check: dependencies in R code
Result: NOTE
    Namespace in Imports field not imported from: ‘lattice’
     All declared Imports should be used.
Flavors: r-devel-linux-x86_64-fedora-clang, r-devel-linux-x86_64-fedora-gcc, r-patched-solaris-x86, r-release-osx-x86_64, r-oldrel-osx-x86_64