CRAN Package Check Results for Package DeLorean

Last updated on 2019-08-19 21:46:49 CEST.

Flavor Version Tinstall Tcheck Ttotal Status Flags
r-devel-linux-x86_64-debian-clang 1.5.0 412.71 291.41 704.12 NOTE
r-devel-linux-x86_64-debian-gcc 1.5.0 430.41 239.68 670.09 NOTE
r-devel-linux-x86_64-fedora-clang 1.5.0 948.54 WARN
r-devel-linux-x86_64-fedora-gcc 1.5.0 1135.01 NOTE
r-devel-windows-ix86+x86_64 1.5.0 993.00 500.00 1493.00 NOTE
r-patched-linux-x86_64 1.5.0 443.68 305.43 749.11 NOTE
r-patched-solaris-x86 1.5.0 1080.70 NOTE
r-release-linux-x86_64 1.5.0 455.27 306.51 761.78 NOTE
r-release-windows-ix86+x86_64 1.5.0 822.00 364.00 1186.00 NOTE
r-release-osx-x86_64 1.5.0 NOTE
r-oldrel-windows-ix86+x86_64 1.5.0 556.00 509.00 1065.00 NOTE
r-oldrel-osx-x86_64 1.5.0 NOTE

Check Details

Version: 1.5.0
Check: for GNU extensions in Makefiles
Result: NOTE
    GNU make is a SystemRequirements.
Flavors: r-devel-linux-x86_64-debian-clang, r-devel-linux-x86_64-debian-gcc, r-devel-linux-x86_64-fedora-clang, r-devel-linux-x86_64-fedora-gcc, r-devel-windows-ix86+x86_64, r-patched-linux-x86_64, r-patched-solaris-x86, r-release-linux-x86_64, r-release-windows-ix86+x86_64, r-release-osx-x86_64, r-oldrel-windows-ix86+x86_64, r-oldrel-osx-x86_64

Version: 1.5.0
Check: whether package can be installed
Result: WARN
    Found the following significant warnings:
     /data/gannet/ripley/R/test-clang/StanHeaders/include/stan/math/prim/mat/err/is_lower_triangular.hpp:25:27: warning: 'ptr_fun<double, double>' is deprecated [-Wdeprecated-declarations]
Flavor: r-devel-linux-x86_64-fedora-clang

Version: 1.5.0
Check: installed package size
Result: NOTE
     installed size is 80.8Mb
     sub-directories of 1Mb or more:
     libs 78.1Mb
Flavors: r-devel-linux-x86_64-fedora-clang, r-devel-windows-ix86+x86_64, r-patched-solaris-x86, r-release-windows-ix86+x86_64, r-release-osx-x86_64, r-oldrel-windows-ix86+x86_64, r-oldrel-osx-x86_64

Version: 1.5.0
Check: dependencies in R code
Result: NOTE
    Namespace in Imports field not imported from: ‘lattice’
     All declared Imports should be used.
Flavors: r-devel-linux-x86_64-fedora-clang, r-devel-linux-x86_64-fedora-gcc, r-patched-solaris-x86, r-release-osx-x86_64, r-oldrel-osx-x86_64