CRAN Package Check Results for Package DeducerText

Last updated on 2019-09-18 19:46:24 CEST.

Flavor Version Tinstall Tcheck Ttotal Status Flags
r-devel-linux-x86_64-debian-clang 0.1-2 16.33 124.88 141.21 NOTE
r-devel-linux-x86_64-debian-gcc 0.1-2 12.76 95.12 107.88 NOTE
r-devel-linux-x86_64-fedora-clang 0.1-2 143.02 NOTE
r-devel-linux-x86_64-fedora-gcc 0.1-2 144.66 NOTE
r-devel-windows-ix86+x86_64 0.1-2 32.00 5.00 37.00 ERROR
r-patched-linux-x86_64 0.1-2 13.10 118.73 131.83 NOTE
r-patched-solaris-x86 0.1-2 212.80 NOTE
r-release-linux-x86_64 0.1-2 14.22 119.83 134.05 NOTE
r-release-windows-ix86+x86_64 0.1-2 31.00 120.00 151.00 NOTE
r-release-osx-x86_64 0.1-2 NOTE
r-oldrel-windows-ix86+x86_64 0.1-2 21.00 131.00 152.00 NOTE
r-oldrel-osx-x86_64 0.1-2 NOTE

Check Details

Version: 0.1-2
Check: DESCRIPTION meta-information
Result: NOTE
    Malformed Description field: should contain one or more complete sentences.
Flavors: r-devel-linux-x86_64-debian-clang, r-devel-linux-x86_64-debian-gcc, r-devel-linux-x86_64-fedora-clang, r-devel-linux-x86_64-fedora-gcc, r-patched-linux-x86_64, r-patched-solaris-x86, r-release-linux-x86_64, r-release-windows-ix86+x86_64, r-release-osx-x86_64, r-oldrel-windows-ix86+x86_64, r-oldrel-osx-x86_64

Version: 0.1-2
Check: R code for possible problems
Result: NOTE
    .makeQuickWordcloud: no visible global function definition for 'J'
    .makeQuickWordcloud: no visible global function definition for 'new'
    .makeQuickWordcloud: no visible global function definition for '.jnull'
    .makeTextPlot: no visible global function definition for 'J'
    .makeTextPlot: no visible global function definition for 'new'
    .makeTextPlot: no visible global function definition for '.jnull'
    .onLoad: no visible global function definition for '.jpackage'
    .onLoad: no visible global function definition for '.jnew'
    .onLoad: no visible global function definition for 'J'
    make.color.scale: no visible global function definition for 'rgb'
    Undefined global functions or variables:
     .jnew .jnull .jpackage J new rgb
    Consider adding
     importFrom("grDevices", "rgb")
     importFrom("methods", "new")
    to your NAMESPACE file (and ensure that your DESCRIPTION Imports field
    contains 'methods').
Flavors: r-devel-linux-x86_64-debian-clang, r-devel-linux-x86_64-debian-gcc, r-devel-linux-x86_64-fedora-clang, r-devel-linux-x86_64-fedora-gcc, r-patched-linux-x86_64, r-patched-solaris-x86, r-release-linux-x86_64, r-release-windows-ix86+x86_64, r-release-osx-x86_64, r-oldrel-windows-ix86+x86_64, r-oldrel-osx-x86_64

Version: 0.1-2
Check: whether package can be installed
Result: ERROR
    Installation failed.
Flavor: r-devel-windows-ix86+x86_64