CRAN Package Check Results for Package DeltaMAN

Last updated on 2022-10-01 16:49:13 CEST.

Flavor Version Tinstall Tcheck Ttotal Status Flags
r-devel-linux-x86_64-debian-clang 0.5.0 4.17 29.78 33.95 OK
r-devel-linux-x86_64-debian-gcc 0.5.0 2.99 22.86 25.85 OK
r-devel-linux-x86_64-fedora-clang 0.5.0 54.04 NOTE
r-devel-linux-x86_64-fedora-gcc 0.5.0 50.83 NOTE
r-devel-windows-x86_64 0.5.0 16.00 55.00 71.00 OK
r-patched-linux-x86_64 0.5.0 4.38 28.79 33.17 OK
r-release-linux-x86_64 0.5.0 3.52 29.76 33.28 OK
r-release-macos-arm64 0.5.0 17.00 NOTE
r-release-macos-x86_64 0.5.0 22.00 NOTE
r-release-windows-x86_64 0.5.0 22.00 53.00 75.00 OK
r-oldrel-macos-arm64 0.5.0 19.00 NOTE
r-oldrel-macos-x86_64 0.5.0 23.00 NOTE
r-oldrel-windows-ix86+x86_64 0.5.0 10.00 54.00 64.00 OK

Check Details

Version: 0.5.0
Check: dependencies in R code
Result: NOTE
    Namespaces in Imports field not imported from:
     ‘knitr’ ‘shinyBS’ ‘shinyMatrix’
     All declared Imports should be used.
Flavors: r-devel-linux-x86_64-fedora-clang, r-devel-linux-x86_64-fedora-gcc, r-release-macos-arm64, r-release-macos-x86_64, r-oldrel-macos-arm64, r-oldrel-macos-x86_64