Last updated on 2021-03-08 23:50:16 CET.
Flavor | Version | Tinstall | Tcheck | Ttotal | Status | Flags |
---|---|---|---|---|---|---|
r-devel-linux-x86_64-debian-clang | 0.99.40 | 103.00 | 359.85 | 462.85 | NOTE | |
r-devel-linux-x86_64-debian-gcc | 0.99.40 | 71.01 | 267.58 | 338.59 | NOTE | |
r-devel-linux-x86_64-fedora-clang | 0.99.40 | 596.44 | NOTE | |||
r-devel-linux-x86_64-fedora-gcc | 0.99.40 | 633.30 | NOTE | |||
r-devel-windows-ix86+x86_64 | 0.99.40 | 194.00 | 649.00 | 843.00 | NOTE | |
r-devel-windows-x86_64-gcc10-UCRT | 0.99.40 | NOTE | ||||
r-patched-linux-x86_64 | 0.99.40 | 79.31 | 332.47 | 411.78 | NOTE | |
r-patched-solaris-x86 | 0.99.40 | 592.80 | NOTE | |||
r-release-linux-x86_64 | 0.99.40 | 80.75 | 335.09 | 415.84 | NOTE | |
r-release-macos-x86_64 | 0.99.40 | NOTE | ||||
r-release-windows-ix86+x86_64 | 0.99.40 | 144.00 | 626.00 | 770.00 | NOTE | |
r-oldrel-macos-x86_64 | 0.99.40 | NOTE | ||||
r-oldrel-windows-ix86+x86_64 | 0.99.40 | 131.00 | 472.00 | 603.00 | NOTE |
Version: 0.99.40
Check: package dependencies
Result: NOTE
Package suggested but not available for checking: 'RDCOMClient'
Flavors: r-devel-linux-x86_64-debian-clang, r-devel-linux-x86_64-debian-gcc, r-devel-linux-x86_64-fedora-clang, r-devel-linux-x86_64-fedora-gcc, r-devel-windows-ix86+x86_64, r-devel-windows-x86_64-gcc10-UCRT, r-patched-linux-x86_64, r-patched-solaris-x86, r-release-linux-x86_64, r-release-macos-x86_64, r-release-windows-ix86+x86_64, r-oldrel-macos-x86_64, r-oldrel-windows-ix86+x86_64
Version: 0.99.40
Check: installed package size
Result: NOTE
installed size is 8.8Mb
sub-directories of 1Mb or more:
R 1.6Mb
doc 1.8Mb
help 1.5Mb
libs 3.3Mb
Flavors: r-devel-linux-x86_64-fedora-clang, r-devel-windows-ix86+x86_64, r-patched-solaris-x86, r-release-macos-x86_64, r-release-windows-ix86+x86_64, r-oldrel-macos-x86_64, r-oldrel-windows-ix86+x86_64
Version: 0.99.40
Check: Rd cross-references
Result: NOTE
Undeclared packages ‘ineq’, ‘randtests’, ‘Hmisc’, ‘plotrix’, ‘caret’, ‘pcaPP’, ‘polycor’, ‘lmtest’, ‘car’, ‘gmp’, ‘vcdExtra’, ‘chron’, ‘coin’, ‘caTools’, ‘forecast’, ‘sfsmisc’, ‘vcd’, ‘corrgram’, ‘UsingR’, ‘memisc’, ‘gtools’, ‘BSDA’, ‘prettyR’ in Rd xrefs
Flavor: r-devel-linux-x86_64-fedora-clang
Version: 0.99.40
Check: dependencies in R code
Result: NOTE
No protocol specified
No protocol specified
Flavor: r-oldrel-macos-x86_64