CRAN Package Check Results for Package DetR

Last updated on 2019-09-23 15:47:03 CEST.

Flavor Version Tinstall Tcheck Ttotal Status Flags
r-devel-linux-x86_64-debian-clang 0.0.5 49.05 31.50 80.55 OK
r-devel-linux-x86_64-debian-gcc 0.0.5 43.38 27.09 70.47 OK
r-devel-linux-x86_64-fedora-clang 0.0.5 116.50 NOTE
r-devel-linux-x86_64-fedora-gcc 0.0.5 120.07 OK
r-devel-windows-ix86+x86_64 0.0.5 117.00 84.00 201.00 OK
r-patched-linux-x86_64 0.0.5 49.08 33.91 82.99 OK
r-patched-solaris-x86 0.0.5 107.10 OK
r-release-linux-x86_64 0.0.5 45.74 33.38 79.12 OK
r-release-windows-ix86+x86_64 0.0.5 112.00 92.00 204.00 OK
r-release-osx-x86_64 0.0.5 NOTE
r-oldrel-windows-ix86+x86_64 0.0.5 81.00 55.00 136.00 OK
r-oldrel-osx-x86_64 0.0.5 NOTE

Check Details

Version: 0.0.5
Check: installed package size
Result: NOTE
     installed size is 18.6Mb
     sub-directories of 1Mb or more:
     libs 17.8Mb
Flavors: r-devel-linux-x86_64-fedora-clang, r-release-osx-x86_64, r-oldrel-osx-x86_64