CRAN Package Check Results for Package DetR

Last updated on 2020-02-19 21:46:32 CET.

Flavor Version Tinstall Tcheck Ttotal Status Flags
r-devel-linux-x86_64-debian-clang 0.0.5 54.48 35.40 89.88 OK
r-devel-linux-x86_64-debian-gcc 0.0.5 44.05 29.10 73.15 OK
r-devel-linux-x86_64-fedora-clang 0.0.5 121.43 NOTE
r-devel-linux-x86_64-fedora-gcc 0.0.5 117.52 OK
r-devel-windows-ix86+x86_64 0.0.5 87.00 62.00 149.00 OK
r-devel-windows-ix86+x86_64-gcc8 0.0.5 131.00 89.00 220.00 OK
r-patched-linux-x86_64 0.0.5 46.12 33.44 79.56 OK
r-patched-solaris-x86 0.0.5 108.40 OK
r-release-linux-x86_64 0.0.5 51.65 33.63 85.28 OK
r-release-windows-ix86+x86_64 0.0.5 82.00 69.00 151.00 OK
r-release-osx-x86_64 0.0.5 NOTE
r-oldrel-windows-ix86+x86_64 0.0.5 80.00 65.00 145.00 OK
r-oldrel-osx-x86_64 0.0.5 NOTE

Check Details

Version: 0.0.5
Check: installed package size
Result: NOTE
     installed size is 18.6Mb
     sub-directories of 1Mb or more:
     libs 17.8Mb
Flavors: r-devel-linux-x86_64-fedora-clang, r-release-osx-x86_64, r-oldrel-osx-x86_64