CRAN Package Check Results for Package DiceOptim

Last updated on 2019-08-21 15:46:56 CEST.

Flavor Version Tinstall Tcheck Ttotal Status Flags
r-devel-linux-x86_64-debian-clang 2.0 8.22 60.31 68.53 OK
r-devel-linux-x86_64-debian-gcc 2.0 OK
r-devel-linux-x86_64-fedora-clang 2.0 83.53 NOTE
r-devel-linux-x86_64-fedora-gcc 2.0 81.33 NOTE
r-devel-windows-ix86+x86_64 2.0 24.00 124.00 148.00 OK
r-patched-linux-x86_64 2.0 8.36 61.49 69.85 OK
r-patched-solaris-x86 2.0 109.30 OK
r-release-linux-x86_64 2.0 9.05 59.62 68.67 OK
r-release-windows-ix86+x86_64 2.0 16.00 90.00 106.00 OK
r-release-osx-x86_64 2.0 OK
r-oldrel-windows-ix86+x86_64 2.0 18.00 119.00 137.00 OK
r-oldrel-osx-x86_64 2.0 OK

Check Details

Version: 2.0
Check: compiled code
Result: NOTE
    File ‘DiceOptim/libs/DiceOptim.so’:
     Found no calls to: ‘R_registerRoutines’, ‘R_useDynamicSymbols’
    
    It is good practice to register native routines and to disable symbol
    search.
    
    See ‘Writing portable packages’ in the ‘Writing R Extensions’ manual.
Flavors: r-devel-linux-x86_64-fedora-clang, r-devel-linux-x86_64-fedora-gcc