CRAN Package Check Results for Package DiceOptim

Last updated on 2019-12-12 17:49:16 CET.

Flavor Version Tinstall Tcheck Ttotal Status Flags
r-devel-linux-x86_64-debian-clang 2.0 9.28 64.07 73.35 OK
r-devel-linux-x86_64-debian-gcc 2.0 8.31 51.51 59.82 OK
r-devel-linux-x86_64-fedora-clang 2.0 90.97 NOTE
r-devel-linux-x86_64-fedora-gcc 2.0 89.34 NOTE
r-devel-windows-ix86+x86_64 2.0 18.00 94.00 112.00 OK
r-devel-windows-ix86+x86_64-gcc8 2.0 14.00 181.00 195.00 OK
r-patched-linux-x86_64 2.0 7.58 58.25 65.83 OK
r-patched-solaris-x86 2.0 107.50 OK
r-release-linux-x86_64 2.0 9.11 58.40 67.51 OK
r-release-windows-ix86+x86_64 2.0 14.00 88.00 102.00 OK
r-release-osx-x86_64 2.0 OK
r-oldrel-windows-ix86+x86_64 2.0 11.00 87.00 98.00 OK
r-oldrel-osx-x86_64 2.0 OK

Check Details

Version: 2.0
Check: compiled code
Result: NOTE
    File ‘DiceOptim/libs/DiceOptim.so’:
     Found no calls to: ‘R_registerRoutines’, ‘R_useDynamicSymbols’
    
    It is good practice to register native routines and to disable symbol
    search.
    
    See ‘Writing portable packages’ in the ‘Writing R Extensions’ manual.
Flavors: r-devel-linux-x86_64-fedora-clang, r-devel-linux-x86_64-fedora-gcc