CRAN Package Check Results for Package Dict

Last updated on 2020-12-05 05:48:12 CET.

Flavor Version Tinstall Tcheck Ttotal Status Flags
r-devel-linux-x86_64-debian-clang 0.1.0 3.76 22.55 26.31 OK
r-devel-linux-x86_64-debian-gcc 0.1.0 2.89 19.14 22.03 OK
r-devel-linux-x86_64-fedora-clang 0.1.0 39.37 NOTE
r-devel-linux-x86_64-fedora-gcc 0.1.0 30.01 NOTE
r-devel-windows-ix86+x86_64 0.1.0 6.00 36.00 42.00 OK
r-patched-linux-x86_64 0.1.0 3.09 22.88 25.97 OK
r-patched-solaris-x86 0.1.0 44.60 NOTE
r-release-linux-x86_64 0.1.0 3.69 21.96 25.65 OK
r-release-macos-x86_64 0.1.0 NOTE
r-release-windows-ix86+x86_64 0.1.0 5.00 29.00 34.00 OK
r-oldrel-macos-x86_64 0.1.0 NOTE
r-oldrel-windows-ix86+x86_64 0.1.0 5.00 38.00 43.00 OK

Check Details

Version: 0.1.0
Check: dependencies in R code
Result: NOTE
    Namespaces in Imports field not imported from:
     ‘R6’ ‘dplyr’ ‘purrr’
     All declared Imports should be used.
Flavors: r-devel-linux-x86_64-fedora-clang, r-devel-linux-x86_64-fedora-gcc, r-patched-solaris-x86, r-release-macos-x86_64, r-oldrel-macos-x86_64

Version: 0.1.0
Check: Rd cross-references
Result: NOTE
    Undeclared package ‘tibble’ in Rd xrefs
Flavor: r-devel-linux-x86_64-fedora-clang