CRAN Package Check Results for Package DidacticBoost

Last updated on 2023-06-03 02:51:17 CEST.

Flavor Version Tinstall Tcheck Ttotal Status Flags
r-devel-linux-x86_64-debian-clang 0.1.1 1.72 23.29 25.01 NOTE
r-devel-linux-x86_64-debian-gcc 0.1.1 1.52 18.48 20.00 NOTE
r-devel-linux-x86_64-fedora-clang 0.1.1 31.87 NOTE
r-devel-linux-x86_64-fedora-gcc 0.1.1 30.17 NOTE
r-devel-windows-x86_64 0.1.1 2.00 42.00 44.00 NOTE
r-patched-linux-x86_64 0.1.1 NOTE
r-release-linux-x86_64 0.1.1 2.11 22.46 24.57 NOTE
r-release-macos-arm64 0.1.1 16.00 NOTE
r-release-macos-x86_64 0.1.1 21.00 NOTE
r-release-windows-x86_64 0.1.1 2.00 41.00 43.00 NOTE
r-oldrel-macos-arm64 0.1.1 18.00 NOTE
r-oldrel-macos-x86_64 0.1.1 21.00 NOTE
r-oldrel-windows-x86_64 0.1.1 3.00 44.00 47.00 NOTE

Check Details

Version: 0.1.1
Check: LazyData
Result: NOTE
     'LazyData' is specified without a 'data' directory
Flavors: r-devel-linux-x86_64-debian-clang, r-devel-linux-x86_64-debian-gcc, r-devel-linux-x86_64-fedora-clang, r-devel-linux-x86_64-fedora-gcc, r-devel-windows-x86_64, r-patched-linux-x86_64, r-release-linux-x86_64, r-release-macos-arm64, r-release-macos-x86_64, r-release-windows-x86_64, r-oldrel-macos-arm64, r-oldrel-macos-x86_64, r-oldrel-windows-x86_64