CRAN Package Check Results for Package DirichletReg

Last updated on 2019-09-23 05:46:51 CEST.

Flavor Version Tinstall Tcheck Ttotal Status Flags
r-devel-linux-x86_64-debian-clang 0.6-3.1 7.18 54.70 61.88 OK
r-devel-linux-x86_64-debian-gcc 0.6-3.1 6.28 43.61 49.89 OK
r-devel-linux-x86_64-fedora-clang 0.6-3.1 76.25 OK
r-devel-linux-x86_64-fedora-gcc 0.6-3.1 75.02 OK
r-devel-windows-ix86+x86_64 0.6-3.1 22.00 137.00 159.00 OK
r-patched-linux-x86_64 0.6-3.1 7.02 53.23 60.25 OK
r-patched-solaris-x86 0.6-3.1 109.40 OK
r-release-linux-x86_64 0.6-3.1 7.68 54.44 62.12 OK
r-release-windows-ix86+x86_64 0.6-3.1 45.00 143.00 188.00 OK
r-release-osx-x86_64 0.6-3.1 WARN
r-oldrel-windows-ix86+x86_64 0.6-3.1 15.00 122.00 137.00 OK
r-oldrel-osx-x86_64 0.6-3.1 OK

Check Details

Version: 0.6-3.1
Check: whether package can be installed
Result: WARN
    Found the following significant warnings:
     Warning: 'rgl_init' failed, running with rgl.useNULL = TRUE
Flavor: r-release-osx-x86_64