CRAN Package Check Results for Package DirichletReg

Last updated on 2020-02-19 21:46:32 CET.

Flavor Version Tinstall Tcheck Ttotal Status Flags
r-devel-linux-x86_64-debian-clang 0.6-3.1 9.96 63.44 73.40 OK
r-devel-linux-x86_64-debian-gcc 0.6-3.1 7.47 49.43 56.90 OK
r-devel-linux-x86_64-fedora-clang 0.6-3.1 87.67 OK
r-devel-linux-x86_64-fedora-gcc 0.6-3.1 86.44 OK
r-devel-windows-ix86+x86_64 0.6-3.1 23.00 106.00 129.00 OK
r-devel-windows-ix86+x86_64-gcc8 0.6-3.1 37.00 155.00 192.00 OK
r-patched-linux-x86_64 0.6-3.1 7.60 56.01 63.61 OK
r-patched-solaris-x86 0.6-3.1 120.60 OK
r-release-linux-x86_64 0.6-3.1 7.18 56.19 63.37 OK
r-release-windows-ix86+x86_64 0.6-3.1 24.00 98.00 122.00 OK
r-release-osx-x86_64 0.6-3.1 WARN
r-oldrel-windows-ix86+x86_64 0.6-3.1 8.00 4.00 12.00 ERROR
r-oldrel-osx-x86_64 0.6-3.1 OK

Check Details

Version: 0.6-3.1
Check: whether package can be installed
Result: WARN
    Found the following significant warnings:
     Warning: 'rgl_init' failed, running with rgl.useNULL = TRUE
Flavor: r-release-osx-x86_64

Version: 0.6-3.1
Check: whether package can be installed
Result: ERROR
    Installation failed.
Flavor: r-oldrel-windows-ix86+x86_64