Last updated on 2022-06-26 12:54:45 CEST.
Flavor | Version | Tinstall | Tcheck | Ttotal | Status | Flags |
---|---|---|---|---|---|---|
r-devel-linux-x86_64-debian-clang | 0.11 | 6.21 | 104.62 | 110.83 | NOTE | |
r-devel-linux-x86_64-debian-gcc | 0.11 | 5.51 | 78.29 | 83.80 | NOTE | |
r-devel-linux-x86_64-fedora-clang | 0.11 | 139.32 | NOTE | |||
r-devel-linux-x86_64-fedora-gcc | 0.11 | 147.46 | NOTE | |||
r-devel-windows-x86_64 | 0.11 | 23.00 | 129.00 | 152.00 | NOTE | |
r-patched-linux-x86_64 | 0.11 | 9.34 | 96.45 | 105.79 | NOTE | |
r-release-linux-x86_64 | 0.11 | 7.11 | 96.85 | 103.96 | NOTE | |
r-release-macos-arm64 | 0.11 | 43.00 | NOTE | |||
r-release-macos-x86_64 | 0.11 | 61.00 | NOTE | |||
r-release-windows-x86_64 | 0.11 | 28.00 | 130.00 | 158.00 | NOTE | |
r-oldrel-macos-arm64 | 0.11 | 48.00 | NOTE | |||
r-oldrel-macos-x86_64 | 0.11 | 66.00 | NOTE | |||
r-oldrel-windows-ix86+x86_64 | 0.11 | 22.00 | 119.00 | 141.00 | NOTE |
Version: 0.11
Check: LazyData
Result: NOTE
'LazyData' is specified without a 'data' directory
Flavors: r-devel-linux-x86_64-debian-clang, r-devel-linux-x86_64-debian-gcc, r-devel-linux-x86_64-fedora-clang, r-devel-linux-x86_64-fedora-gcc, r-devel-windows-x86_64, r-patched-linux-x86_64, r-release-linux-x86_64, r-release-macos-arm64, r-release-macos-x86_64, r-release-windows-x86_64, r-oldrel-macos-arm64, r-oldrel-macos-x86_64, r-oldrel-windows-ix86+x86_64