CRAN Package Check Results for Package DriveML

Last updated on 2020-10-20 13:49:24 CEST.

Flavor Version Tinstall Tcheck Ttotal Status Flags
r-devel-linux-x86_64-debian-clang 0.1.0 22.08 238.95 261.03 OK
r-devel-linux-x86_64-debian-gcc 0.1.0 17.26 209.58 226.84 OK
r-devel-linux-x86_64-fedora-clang 0.1.0 299.28 NOTE
r-devel-linux-x86_64-fedora-gcc 0.1.0 285.29 NOTE
r-devel-windows-ix86+x86_64 0.1.0 29.00 198.00 227.00 OK
r-patched-linux-x86_64 0.1.0 21.50 219.53 241.03 OK
r-patched-solaris-x86 0.1.0 300.90 WARN
r-release-linux-x86_64 0.1.0 21.11 221.69 242.80 OK
r-release-macos-x86_64 0.1.0 WARN
r-release-windows-ix86+x86_64 0.1.0 46.00 266.00 312.00 OK
r-oldrel-macos-x86_64 0.1.0 WARN
r-oldrel-windows-ix86+x86_64 0.1.0 25.00 185.00 210.00 OK

Check Details

Version: 0.1.0
Check: Rd cross-references
Result: NOTE
    Undeclared packages ‘caret’, ‘pdp’ in Rd xrefs
Flavor: r-devel-linux-x86_64-fedora-clang

Version: 0.1.0
Check: data for non-ASCII characters
Result: NOTE
     Note: found 8 marked UTF-8 strings
Flavors: r-devel-linux-x86_64-fedora-clang, r-devel-linux-x86_64-fedora-gcc, r-patched-solaris-x86, r-release-macos-x86_64, r-oldrel-macos-x86_64

Version: 0.1.0
Check: re-building of vignette outputs
Result: WARN
    Error(s) in re-building vignettes:
     ...
    --- re-building ‘SmartML.Rmd’ using rmarkdown
    Warning in engine$weave(file, quiet = quiet, encoding = enc) :
     Pandoc (>= 1.12.3) and/or pandoc-citeproc not available. Falling back to R Markdown v1.
    Quitting from lines 169-170 (SmartML.Rmd)
    Error: processing vignette 'SmartML.Rmd' failed with diagnostics:
    unused argument (options = list(TRUE, FALSE, "markup", FALSE, NULL, FALSE, FALSE, "##", TRUE, TRUE, "normalsize", "#F7F7F7", 0, "cache/", NULL, TRUE, NULL, FALSE, FALSE, "high", "asis", "default", "figure/", "png", NULL, 72, "png", 7, 7, "figure", NULL, NULL, "fig:", NULL, "", NULL, NULL, NULL, 1, TRUE, FALSE, 1, "controls,loop", FALSE, FALSE, TRUE, list(c("age", "age", "age", "chol", "chol", "chol", "oldpeak", "oldpeak", "oldpeak", "thalach", "thalach", "thalach", "trestbps", "trestbps", "trestbps"), c("target_var:All",
    "target_var:1", "target_var:0", "target_var:All", "target_var:1", "target_var:0", "target_var:All", "target_var:1", "target_var:0", "target_var:All", "target_var:1", "target_var:0", "target_var:All", "target_var:1", "target_var:0"), c(303, 165, 138, 303, 165, 138, 303, 165, 138, 303, 165, 138, 303, 165, 138), c(0, 0, 0, 0, 0, 0, 0, 0, 0, 0, 0, 0, 0, 0, 0), c(0, 0, 0, 0, 0, 0, 99, 74, 25, 0, 0, 0, 0, 0, 0), c(303, 165, 138, 303, 165, 138, 204, 91, 113, 303, 165, 138, 303, 165, 138), c(0, 0, 0, 0,
    0, 0, 0, 0, 0, 0, 0, 0, 0, 0, 0), c(0, 0, 0, 0, 0, 0, 0, 0, 0, 0, 0, 0, 0, 0, 0), c(0, 0, 0, 0, 0, 0, 0, 0, 0, 0, 0, 0, 0, 0, 0), c(0, 0, 0, 0, 0, 0, 0, 0, 0, 0, 0, 0, 0, 0, 0), c(16473, 8662, 7811, 74618, 39968, 34650, 315, 96.2, 218.8, 45343, 26147, 19196, 39882, 21335, 18547), c(29, 29, 35, 126, 126, 131, 0, 0, 0, 71, 96, 71, 94, 94, 100), c(77, 76, 77, 564, 564, 409, 6.2, 4.2, 6.2, 202, 202, 195, 200, 180, 200), c(54.37, 52.5, 56.6, 246.26, 242.23, 251.09, 1.04, 0.58, 1.59, 149.65, 158.47, 139.1,
    131.62, 129.3, 134.4), c(55, 52, 58, 240, 234, 249, 0.8, 0.2, 1.4, 153, 161, 142, 130, 130, 130), c(9.08, 9.55, 7.96, 51.83, 53.55, 49.45, 1.16, 0.78, 1.3, 22.91, 19.17, 22.6, 17.54, 16.17, 18.73), c(0.17, 0.18, 0.14, 0.21, 0.22, 0.2, 1.12, 1.34, 0.82, 0.15, 0.12, 0.16, 0.13, 0.13, 0.14), c(13.5, 15, 10, 63.5, 59, 65.75, 1.6, 1, 1.9, 32.5, 23, 31, 20, 20, 24.75), c(-0.2, 0.12, -0.54, 1.14, 1.73, 0.31, 1.26, 1.63, 0.73, -0.53, -0.7, -0.29, 0.71, 0.42, 0.85), c(-0.55, -0.63, 0.08, 4.41, 7.37, 0.32,
    1.53, 3.06, 0.35, -0.08, 0.41, -0.23, 0.89, 0.35, 0.84), c(29, 29, 35, 126, 126, 131, 0, 0, 0, 71, 96, 71, 94, 94, 100), c(42, 41, 44.7, 188, 192, 187.7, 0, 0, 0, 116, 131, 108.7, 110, 110, 110), c(45, 43, 50, 204, 202.6, 206.4, 0, 0, 0.14, 130, 144, 120, 120, 118, 120), c(50, 46, 54, 217.6, 212.2, 225.3, 0, 0, 0.8, 140.6, 152, 127.1, 120, 120, 124), c(53, 50.6, 56.8, 230, 223, 235.6, 0.38, 0, 1, 146, 157, 132.8, 126, 125, 128), c(55, 52, 58, 240, 234, 249, 0.8, 0.2, 1.4, 153, 161, 142, 130, 130,
    130), c(58, 54, 59, 254, 245, 261.4, 1.12, 0.5, 1.8, 159, 164.4, 145.2, 134, 130, 138), c(59, 57.8, 61, 268, 260.8, 275.9, 1.4, 0.8, 2.19, 163, 170, 152.9, 140, 138, 140), c(62, 62, 63, 285.2, 273.4, 289, 1.9, 1.2, 2.8, 170, 173.2, 160, 144, 140, 150), c(66, 65.6, 66, 308.8, 305.2, 312.2, 2.8, 1.6, 3.4, 176.6, 179.6, 166.6, 152, 150, 160), c(77, 76, 77, 564, 564, 409, 6.2, 4.2, 6.2, 202, 202, 195, 200, 180, 200), c(27.25, 21.5, 37, 115.75, 119.5, 118.62, -2.4, -1.5, -2.25, 84.75, 114.5, 78.5, 90,
    90, 82.88), c(81.25, 81.5, 77, 369.75, 355.5, 381.62, 4, 2.5, 5.35, 214.75, 206.5, 202.5, 170, 170, 181.88), c(0, 0, 2, 5, 4, 2, 5, 4, 2, 1, 4, 1, 9, 3, 2)), NULL, NULL, "R", FALSE, TRUE, TRUE, "snc3", "paged_table(snc)", 504, 504, "snc3,warning=FALSE,eval=T,render=snc,echo=F"))
    --- failed re-building ‘SmartML.Rmd’
    
    SUMMARY: processing the following file failed:
     ‘SmartML.Rmd’
    
    Error: Vignette re-building failed.
    Execution halted
Flavor: r-patched-solaris-x86

Version: 0.1.0
Check: re-building of vignette outputs
Result: WARN
    Error(s) in re-building vignettes:
     ...
    --- re-building ‘SmartML.Rmd’ using rmarkdown
    Warning in engine$weave(file, quiet = quiet, encoding = enc) :
     Pandoc (>= 1.12.3) and/or pandoc-citeproc not available. Falling back to R Markdown v1.
    Quitting from lines 169-170 (SmartML.Rmd)
    Error: processing vignette 'SmartML.Rmd' failed with diagnostics:
    unused argument (options = list(TRUE, FALSE, "markup", FALSE, NULL, FALSE, FALSE, "##", TRUE, TRUE, "normalsize", "#F7F7F7", 0, "cache/", NULL, TRUE, NULL, FALSE, FALSE, "high", "asis", "default", "figure/", "png", NULL, 72, "png", 7, 7, "figure", NULL, NULL, "fig:", NULL, "", NULL, NULL, NULL, 1, TRUE, FALSE, 1, "controls,loop", FALSE, FALSE, TRUE, list(c("age", "age", "age", "chol", "chol", "chol", "oldpeak", "oldpeak", "oldpeak", "thalach", "thalach", "thalach", "trestbps", "trestbps", "trestbps"), c("target_var:All",
    "target_var:1", "target_var:0", "target_var:All", "target_var:1", "target_var:0", "target_var:All", "target_var:1", "target_var:0", "target_var:All", "target_var:1", "target_var:0", "target_var:All", "target_var:1", "target_var:0"), c(303, 165, 138, 303, 165, 138, 303, 165, 138, 303, 165, 138, 303, 165, 138), c(0, 0, 0, 0, 0, 0, 0, 0, 0, 0, 0, 0, 0, 0, 0), c(0, 0, 0, 0, 0, 0, 99, 74, 25, 0, 0, 0, 0, 0, 0), c(303, 165, 138, 303, 165, 138, 204, 91, 113, 303, 165, 138, 303, 165, 138), c(0, 0, 0, 0,
    0, 0, 0, 0, 0, 0, 0, 0, 0, 0, 0), c(0, 0, 0, 0, 0, 0, 0, 0, 0, 0, 0, 0, 0, 0, 0), c(0, 0, 0, 0, 0, 0, 0, 0, 0, 0, 0, 0, 0, 0, 0), c(0, 0, 0, 0, 0, 0, 0, 0, 0, 0, 0, 0, 0, 0, 0), c(16473, 8662, 7811, 74618, 39968, 34650, 315, 96.2, 218.8, 45343, 26147, 19196, 39882, 21335, 18547), c(29, 29, 35, 126, 126, 131, 0, 0, 0, 71, 96, 71, 94, 94, 100), c(77, 76, 77, 564, 564, 409, 6.2, 4.2, 6.2, 202, 202, 195, 200, 180, 200), c(54.37, 52.5, 56.6, 246.26, 242.23, 251.09, 1.04, 0.58, 1.59, 149.65, 158.47, 139.1,
    131.62, 129.3, 134.4), c(55, 52, 58, 240, 234, 249, 0.8, 0.2, 1.4, 153, 161, 142, 130, 130, 130), c(9.08, 9.55, 7.96, 51.83, 53.55, 49.45, 1.16, 0.78, 1.3, 22.91, 19.17, 22.6, 17.54, 16.17, 18.73), c(0.17, 0.18, 0.14, 0.21, 0.22, 0.2, 1.12, 1.34, 0.82, 0.15, 0.12, 0.16, 0.13, 0.13, 0.14), c(13.5, 15, 10, 63.5, 59, 65.75, 1.6, 1, 1.9, 32.5, 23, 31, 20, 20, 24.75), c(-0.2, 0.12, -0.54, 1.14, 1.73, 0.31, 1.26, 1.63, 0.73, -0.53, -0.7, -0.29, 0.71, 0.42, 0.85), c(-0.55, -0.63, 0.08, 4.41, 7.37, 0.32,
    1.53, 3.06, 0.35, -0.08, 0.41, -0.23, 0.89, 0.35, 0.84), c(29, 29, 35, 126, 126, 131, 0, 0, 0, 71, 96, 71, 94, 94, 100), c(42, 41, 44.7, 188, 192, 187.7, 0, 0, 0, 116, 131, 108.7, 110, 110, 110), c(45, 43, 50, 204, 202.6, 206.4, 0, 0, 0.14, 130, 144, 120, 120, 118, 120), c(50, 46, 54, 217.6, 212.2, 225.3, 0, 0, 0.8, 140.6, 152, 127.1, 120, 120, 124), c(53, 50.6, 56.8, 230, 223, 235.6, 0.38, 0, 1, 146, 157, 132.8, 126, 125, 128), c(55, 52, 58, 240, 234, 249, 0.8, 0.2, 1.4, 153, 161, 142, 130, 130,
    130), c(58, 54, 59, 254, 245, 261.4, 1.12, 0.5, 1.8, 159, 164.4, 145.2, 134, 130, 138), c(59, 57.8, 61, 268, 260.8, 275.9, 1.4, 0.8, 2.19, 163, 170, 152.9, 140, 138, 140), c(62, 62, 63, 285.2, 273.4, 289, 1.9, 1.2, 2.8, 170, 173.2, 160, 144, 140, 150), c(66, 65.6, 66, 308.8, 305.2, 312.2, 2.8, 1.6, 3.4, 176.6, 179.6, 166.6, 152, 150, 160), c(77, 76, 77, 564, 564, 409, 6.2, 4.2, 6.2, 202, 202, 195, 200, 180, 200), c(27.25, 21.5, 37, 115.75, 119.5, 118.62, -2.4, -1.5, -2.25, 84.75, 114.5, 78.5, 90,
    90, 82.88), c(81.25, 81.5, 77, 369.75, 355.5, 381.62, 4, 2.5, 5.35, 214.75, 206.5, 202.5, 170, 170, 181.88), c(0, 0, 2, 5, 4, 2, 5, 4, 2, 1, 4, 1, 9, 3, 2)), NULL, NULL, "R", FALSE, TRUE, TRUE, "snc3", 504, 504, "paged_table(snc)", "snc3,warning=FALSE,eval=T,render=snc,echo=F"))
    --- failed re-building ‘SmartML.Rmd’
    
    SUMMARY: processing the following file failed:
     ‘SmartML.Rmd’
    
    Error: Vignette re-building failed.
    Execution halted
Flavor: r-release-macos-x86_64

Version: 0.1.0
Check: re-building of vignette outputs
Result: WARN
    Error(s) in re-building vignettes:
     ...
    --- re-building ‘SmartML.Rmd’ using rmarkdown
    Warning in engine$weave(file, quiet = quiet, encoding = enc) :
     Pandoc (>= 1.12.3) and/or pandoc-citeproc not available. Falling back to R Markdown v1.
    Quitting from lines 169-170 (SmartML.Rmd)
    Error: processing vignette 'SmartML.Rmd' failed with diagnostics:
    unused argument (options = options)
    --- failed re-building ‘SmartML.Rmd’
    
    SUMMARY: processing the following file failed:
     ‘SmartML.Rmd’
    
    Error: Vignette re-building failed.
    Execution halted
Flavor: r-oldrel-macos-x86_64