CRAN Package Check Results for Package DynClust

Last updated on 2022-01-18 18:50:26 CET.

Flavor Version Tinstall Tcheck Ttotal Status Flags
r-devel-linux-x86_64-debian-clang 3.13 2.13 32.31 34.44 NOTE
r-devel-linux-x86_64-debian-gcc 3.13 2.11 28.64 30.75 NOTE
r-devel-linux-x86_64-fedora-clang 3.13 44.74 NOTE
r-devel-linux-x86_64-fedora-gcc 3.13 33.23 NOTE
r-devel-windows-x86_64-new-UL 3.13 19.00 52.00 71.00 NOTE
r-devel-windows-x86_64-new-TK 3.13 NOTE
r-patched-linux-x86_64 3.13 2.36 32.15 34.51 NOTE
r-release-linux-x86_64 3.13 NOTE
r-release-macos-arm64 3.13 NOTE
r-release-macos-x86_64 3.13 NOTE
r-release-windows-ix86+x86_64 3.13 6.00 38.00 44.00 NOTE
r-oldrel-macos-x86_64 3.13 NOTE
r-oldrel-windows-ix86+x86_64 3.13 4.00 39.00 43.00 NOTE

Check Details

Version: 3.13
Check: R code for possible problems
Result: NOTE
    MultiTestH0 : MultiTestOneColumn: no visible global function definition
     for 'pchisq'
    RunClustering : CheckClusterNew: no visible global function definition
     for 'qchisq'
    RunClustering: no visible global function definition for 'qchisq'
    RunDenoising: no visible binding for global variable 'var'
    RunDenoising: no visible global function definition for 'qchisq'
    RunDenoising: no visible binding for global variable 'median'
    RunDenoising: no visible global function definition for 'var'
    RunDenoising : buildEstimate: no visible global function definition for
     'qchisq'
    Undefined global functions or variables:
     median pchisq qchisq var
    Consider adding
     importFrom("stats", "median", "pchisq", "qchisq", "var")
    to your NAMESPACE file.
Flavors: r-devel-linux-x86_64-debian-clang, r-devel-linux-x86_64-debian-gcc, r-devel-linux-x86_64-fedora-clang, r-devel-linux-x86_64-fedora-gcc, r-devel-windows-x86_64-new-UL, r-devel-windows-x86_64-new-TK, r-patched-linux-x86_64, r-release-linux-x86_64, r-release-macos-arm64, r-release-macos-x86_64, r-release-windows-ix86+x86_64, r-oldrel-macos-x86_64, r-oldrel-windows-ix86+x86_64