CRAN Package Check Results for Package DysPIA

Last updated on 2022-01-28 15:53:09 CET.

Flavor Version Tinstall Tcheck Ttotal Status Flags
r-devel-linux-x86_64-debian-clang 1.3 24.37 56.74 81.11 OK
r-devel-linux-x86_64-debian-gcc 1.3 18.23 44.02 62.25 OK
r-devel-linux-x86_64-fedora-clang 1.3 103.84 NOTE
r-devel-linux-x86_64-fedora-gcc 1.3 87.79 OK
r-devel-windows-x86_64-new-UL 1.3 48.00 98.00 146.00 NOTE
r-devel-windows-x86_64-new-TK 1.3 OK
r-patched-linux-x86_64 1.3 18.38 51.94 70.32 OK
r-release-linux-x86_64 1.3 18.64 52.22 70.86 OK
r-release-macos-arm64 1.3 NOTE
r-release-macos-x86_64 1.3 NOTE
r-release-windows-ix86+x86_64 1.3 55.00 100.00 155.00 NOTE
r-oldrel-macos-x86_64 1.3 NOTE
r-oldrel-windows-ix86+x86_64 1.3 55.00 100.00 155.00 NOTE

Check Details

Version: 1.3
Check: installed package size
Result: NOTE
     installed size is 5.1Mb
     sub-directories of 1Mb or more:
     data 4.0Mb
Flavors: r-devel-linux-x86_64-fedora-clang, r-devel-windows-x86_64-new-UL, r-release-macos-arm64, r-release-macos-x86_64, r-release-windows-ix86+x86_64, r-oldrel-macos-x86_64, r-oldrel-windows-ix86+x86_64