CRAN Package Check Results for Package ECLRMC

Last updated on 2022-06-25 02:52:15 CEST.

Flavor Version Tinstall Tcheck Ttotal Status Flags
r-devel-linux-x86_64-debian-clang 1.0 6.55 63.67 70.22 NOTE
r-devel-linux-x86_64-debian-gcc 1.0 5.60 50.29 55.89 NOTE
r-devel-linux-x86_64-fedora-clang 1.0 99.31 NOTE
r-devel-linux-x86_64-fedora-gcc 1.0 97.92 NOTE
r-devel-windows-x86_64 1.0 15.00 82.00 97.00 NOTE
r-patched-linux-x86_64 1.0 8.28 62.60 70.88 NOTE
r-release-linux-x86_64 1.0 6.10 63.22 69.32 NOTE
r-release-macos-arm64 1.0 30.00 NOTE
r-release-macos-x86_64 1.0 42.00 NOTE
r-release-windows-x86_64 1.0 16.00 86.00 102.00 NOTE
r-oldrel-macos-arm64 1.0 34.00 NOTE
r-oldrel-macos-x86_64 1.0 58.00 NOTE
r-oldrel-windows-ix86+x86_64 1.0 17.00 86.00 103.00 NOTE

Check Details

Version: 1.0
Check: LazyData
Result: NOTE
     'LazyData' is specified without a 'data' directory
Flavors: r-devel-linux-x86_64-debian-clang, r-devel-linux-x86_64-debian-gcc, r-devel-linux-x86_64-fedora-clang, r-devel-linux-x86_64-fedora-gcc, r-devel-windows-x86_64, r-patched-linux-x86_64, r-release-linux-x86_64, r-release-macos-arm64, r-release-macos-x86_64, r-release-windows-x86_64, r-oldrel-macos-arm64, r-oldrel-macos-x86_64, r-oldrel-windows-ix86+x86_64