CRAN Package Check Results for Package ECharts2Shiny

Last updated on 2022-08-13 09:54:23 CEST.

Flavor Version Tinstall Tcheck Ttotal Status Flags
r-devel-linux-x86_64-debian-clang 0.2.13 4.80 43.26 48.06 NOTE
r-devel-linux-x86_64-debian-gcc 0.2.13 3.89 33.96 37.85 NOTE
r-devel-linux-x86_64-fedora-clang 0.2.13 70.96 NOTE
r-devel-linux-x86_64-fedora-gcc 0.2.13 73.29 NOTE
r-devel-windows-x86_64 0.2.13 26.00 73.00 99.00 NOTE
r-patched-linux-x86_64 0.2.13 3.72 42.41 46.13 NOTE
r-release-linux-x86_64 0.2.13 3.33 42.66 45.99 NOTE
r-release-macos-arm64 0.2.13 22.00 NOTE
r-release-macos-x86_64 0.2.13 41.00 NOTE
r-release-windows-x86_64 0.2.13 33.00 74.00 107.00 NOTE
r-oldrel-macos-arm64 0.2.13 24.00 NOTE
r-oldrel-macos-x86_64 0.2.13 33.00 NOTE
r-oldrel-windows-ix86+x86_64 0.2.13 13.00 63.00 76.00 NOTE

Check Details

Version: 0.2.13
Check: LazyData
Result: NOTE
     'LazyData' is specified without a 'data' directory
Flavors: r-devel-linux-x86_64-debian-clang, r-devel-linux-x86_64-debian-gcc, r-devel-linux-x86_64-fedora-clang, r-devel-linux-x86_64-fedora-gcc, r-devel-windows-x86_64, r-patched-linux-x86_64, r-release-linux-x86_64, r-release-macos-arm64, r-release-macos-x86_64, r-release-windows-x86_64, r-oldrel-macos-arm64, r-oldrel-macos-x86_64, r-oldrel-windows-ix86+x86_64