CRAN Package Check Results for Package EKMCMC

Last updated on 2019-09-18 02:47:47 CEST.

Flavor Version Tinstall Tcheck Ttotal Status Flags
r-devel-linux-x86_64-debian-clang 0.1.0 2.76 52.31 55.07 NOTE
r-devel-linux-x86_64-debian-gcc 0.1.0 2.17 39.24 41.41 NOTE
r-devel-linux-x86_64-fedora-clang 0.1.0 65.69 NOTE
r-devel-linux-x86_64-fedora-gcc 0.1.0 67.48 NOTE
r-devel-windows-ix86+x86_64 0.1.0 10.00 84.00 94.00 OK
r-patched-linux-x86_64 0.1.0 2.19 53.25 55.44 NOTE
r-patched-solaris-x86 0.1.0 86.40 OK
r-release-linux-x86_64 0.1.0 2.24 53.05 55.29 NOTE
r-release-windows-ix86+x86_64 0.1.0 9.00 76.00 85.00 OK
r-release-osx-x86_64 0.1.0 OK
r-oldrel-windows-ix86+x86_64 0.1.0 3.00 61.00 64.00 OK
r-oldrel-osx-x86_64 0.1.0 OK

Check Details

Version: 0.1.0
Check: for non-standard things in the check directory
Result: NOTE
    Found the following files/directories:
     'MM.csv' 'Simul.csv' 'catalytic.csv' 'combined.csv'
Flavors: r-devel-linux-x86_64-debian-clang, r-devel-linux-x86_64-debian-gcc, r-devel-linux-x86_64-fedora-clang, r-devel-linux-x86_64-fedora-gcc

Version: 0.1.0
Check: DESCRIPTION meta-information
Result: NOTE
    Dependence on R version ‘3.4.2’ not with patchlevel 0
Flavors: r-patched-linux-x86_64, r-release-linux-x86_64