CRAN Package Check Results for Package EKMCMC

Last updated on 2020-02-21 00:49:39 CET.

Flavor Version Tinstall Tcheck Ttotal Status Flags
r-devel-linux-x86_64-debian-clang 0.1.0 2.93 58.16 61.09 NOTE
r-devel-linux-x86_64-debian-gcc 0.1.0 2.65 41.07 43.72 NOTE
r-devel-linux-x86_64-fedora-clang 0.1.0 71.11 NOTE
r-devel-linux-x86_64-fedora-gcc 0.1.0 71.99 NOTE
r-devel-windows-ix86+x86_64 0.1.0 6.00 55.00 61.00 OK
r-devel-windows-ix86+x86_64-gcc8 0.1.0 10.00 87.00 97.00 OK
r-patched-linux-x86_64 0.1.0 2.50 53.66 56.16 NOTE
r-patched-solaris-x86 0.1.0 88.40 OK
r-release-linux-x86_64 0.1.0 2.93 53.20 56.13 NOTE
r-release-windows-ix86+x86_64 0.1.0 9.00 76.00 85.00 OK
r-release-osx-x86_64 0.1.0 OK
r-oldrel-windows-ix86+x86_64 0.1.0 3.00 61.00 64.00 OK
r-oldrel-osx-x86_64 0.1.0 OK

Check Details

Version: 0.1.0
Check: for non-standard things in the check directory
Result: NOTE
    Found the following files/directories:
     'MM.csv' 'Simul.csv' 'catalytic.csv' 'combined.csv'
Flavors: r-devel-linux-x86_64-debian-clang, r-devel-linux-x86_64-debian-gcc, r-devel-linux-x86_64-fedora-clang, r-devel-linux-x86_64-fedora-gcc

Version: 0.1.0
Check: DESCRIPTION meta-information
Result: NOTE
    Dependence on R version ‘3.4.2’ not with patchlevel 0
Flavors: r-patched-linux-x86_64, r-release-linux-x86_64