Last updated on 2023-09-25 19:03:48 CEST.
Flavor | Version | Tinstall | Tcheck | Ttotal | Status | Flags |
---|---|---|---|---|---|---|
r-devel-linux-x86_64-debian-clang | 2.0.4 | 39.47 | 649.58 | 689.05 | OK | |
r-devel-linux-x86_64-debian-gcc | 2.0.4 | 30.37 | 456.45 | 486.82 | OK | |
r-devel-linux-x86_64-fedora-clang | 2.0.4 | 839.17 | NOTE | |||
r-devel-linux-x86_64-fedora-gcc | 2.0.4 | 863.65 | NOTE | |||
r-devel-windows-x86_64 | 2.0.4 | 32.00 | 439.00 | 471.00 | OK | |
r-patched-linux-x86_64 | 2.0.4 | 32.82 | 594.73 | 627.55 | OK | |
r-release-linux-x86_64 | 2.0.4 | 25.93 | 606.13 | 632.06 | OK | |
r-release-macos-arm64 | 2.0.4 | 195.00 | OK | |||
r-release-macos-x86_64 | 2.0.4 | 367.00 | OK | |||
r-release-windows-x86_64 | 2.0.4 | 46.00 | 555.00 | 601.00 | OK | |
r-oldrel-macos-arm64 | 2.0.4 | 175.00 | OK | |||
r-oldrel-macos-x86_64 | 2.0.4 | 236.00 | OK | |||
r-oldrel-windows-x86_64 | 2.0.4 | 47.00 | 528.00 | 575.00 | OK |
Version: 2.0.4
Check: data for non-ASCII characters
Result: NOTE
Note: found 2 marked UTF-8 strings
Flavors: r-devel-linux-x86_64-fedora-clang, r-devel-linux-x86_64-fedora-gcc