CRAN Package Check Results for Package EasyDescribe

Last updated on 2022-01-24 23:54:25 CET.

Flavor Version Tinstall Tcheck Ttotal Status Flags
r-devel-linux-x86_64-debian-clang 0.1.0 10.98 98.92 109.90 OK
r-devel-linux-x86_64-debian-gcc 0.1.1 8.39 78.09 86.48 OK
r-devel-linux-x86_64-fedora-clang 0.1.1 143.20 OK
r-devel-linux-x86_64-fedora-gcc 0.1.1 129.52 OK
r-devel-windows-x86_64-new-UL 0.1.1 35.00 122.00 157.00 OK
r-devel-windows-x86_64-new-TK 0.1.1 ERROR
r-patched-linux-x86_64 0.1.1 12.29 98.68 110.97 OK
r-release-linux-x86_64 0.1.1 8.95 97.02 105.97 OK
r-release-macos-arm64 0.1.0 OK
r-release-macos-x86_64 0.1.1 OK
r-release-windows-ix86+x86_64 0.1.1 27.00 115.00 142.00 OK
r-oldrel-macos-x86_64 0.1.0 OK
r-oldrel-windows-ix86+x86_64 0.1.1 28.00 117.00 145.00 OK

Check Details

Version: 0.1.1
Check: package dependencies
Result: ERROR
    Package required but not available: 'FSA'
    
    See section 'The DESCRIPTION file' in the 'Writing R Extensions'
    manual.
Flavor: r-devel-windows-x86_64-new-TK