CRAN Package Check Results for Package EasyMx

Last updated on 2022-01-21 13:51:44 CET.

Flavor Version Tinstall Tcheck Ttotal Status Flags
r-devel-linux-x86_64-debian-clang 0.2-12 8.38 87.70 96.08 OK
r-devel-linux-x86_64-debian-gcc 0.2-12 8.06 68.51 76.57 OK
r-devel-linux-x86_64-fedora-clang 0.2-12 131.40 OK
r-devel-linux-x86_64-fedora-gcc 0.2-12 109.78 OK
r-devel-windows-x86_64-new-UL 0.2-12 27.00 116.00 143.00 OK
r-devel-windows-x86_64-new-TK 0.2-12 OK
r-patched-linux-x86_64 0.2-12 9.89 85.60 95.49 OK
r-release-linux-x86_64 0.2-12 9.47 85.95 95.42 OK
r-release-macos-arm64 0.2-12 OK
r-release-macos-x86_64 0.2-12 OK
r-release-windows-ix86+x86_64 0.2-12 2.00 8.00 10.00 ERROR
r-oldrel-macos-x86_64 0.2-12 OK
r-oldrel-windows-ix86+x86_64 0.2-12 2.00 8.00 10.00 ERROR

Check Details

Version: 0.2-12
Check: whether package can be installed
Result: ERROR
    Installation failed.
Flavors: r-release-windows-ix86+x86_64, r-oldrel-windows-ix86+x86_64