CRAN Package Check Results for Package EcotoneFinder

Last updated on 2022-06-30 14:53:21 CEST.

Flavor Version Tinstall Tcheck Ttotal Status Flags
r-devel-linux-x86_64-debian-clang 0.2.3 4.29 111.67 115.96 NOTE
r-devel-linux-x86_64-debian-gcc 0.2.3 3.21 80.66 83.87 NOTE
r-devel-linux-x86_64-fedora-clang 0.2.3 149.05 WARN
r-devel-linux-x86_64-fedora-gcc 0.2.3 150.65 WARN
r-devel-windows-x86_64 0.2.3 65.00 142.00 207.00 NOTE
r-patched-linux-x86_64 0.2.3 3.76 106.69 110.45 NOTE
r-release-linux-x86_64 0.2.3 4.58 107.24 111.82 NOTE
r-release-macos-arm64 0.2.3 38.00 NOTE
r-release-macos-x86_64 0.2.3 59.00 NOTE
r-release-windows-x86_64 0.2.3 41.00 139.00 180.00 NOTE
r-oldrel-macos-arm64 0.2.3 45.00 NOTE
r-oldrel-macos-x86_64 0.2.3 80.00 NOTE
r-oldrel-windows-ix86+x86_64 0.2.3 13.00 145.00 158.00 NOTE

Check Details

Version: 0.2.3
Check: LazyData
Result: NOTE
     'LazyData' is specified without a 'data' directory
Flavors: r-devel-linux-x86_64-debian-clang, r-devel-linux-x86_64-debian-gcc, r-devel-linux-x86_64-fedora-clang, r-devel-linux-x86_64-fedora-gcc, r-devel-windows-x86_64, r-patched-linux-x86_64, r-release-linux-x86_64, r-release-macos-arm64, r-release-macos-x86_64, r-release-windows-x86_64, r-oldrel-macos-arm64, r-oldrel-macos-x86_64, r-oldrel-windows-ix86+x86_64

Version: 0.2.3
Check: package dependencies
Result: WARN
    Requires (indirectly) orphaned package: ‘gtools’
Flavors: r-devel-linux-x86_64-fedora-clang, r-devel-linux-x86_64-fedora-gcc

Version: 0.2.3
Check: dependencies in R code
Result: NOTE
    Namespaces in Imports field not imported from:
     ‘Rmisc’ ‘rlang’
     All declared Imports should be used.
Flavors: r-devel-linux-x86_64-fedora-clang, r-devel-linux-x86_64-fedora-gcc, r-release-macos-arm64, r-release-macos-x86_64, r-oldrel-macos-arm64, r-oldrel-macos-x86_64