CRAN Package Check Results for Package EffectStars2

Last updated on 2021-10-28 10:51:34 CEST.

Flavor Version Tinstall Tcheck Ttotal Status Flags
r-devel-linux-x86_64-debian-clang 0.1-3 3.54 37.55 41.09 OK
r-devel-linux-x86_64-debian-gcc 0.1-3 3.37 30.21 33.58 OK
r-devel-linux-x86_64-fedora-clang 0.1-3 60.72 NOTE
r-devel-linux-x86_64-fedora-gcc 0.1-3 50.82 OK
r-devel-windows-x86_64 0.1-3 7.00 59.00 66.00 OK
r-devel-windows-x86_64-gcc10-UCRT 0.1-3 OK
r-patched-linux-x86_64 0.1-3 3.53 36.92 40.45 OK
r-patched-solaris-x86 0.1-3 79.60 OK
r-release-linux-x86_64 0.1-3 3.30 36.68 39.98 OK
r-release-macos-arm64 0.1-3 OK
r-release-macos-x86_64 0.1-3 OK
r-release-windows-ix86+x86_64 0.1-3 10.00 62.00 72.00 OK
r-oldrel-macos-x86_64 0.1-3 OK
r-oldrel-windows-ix86+x86_64 0.1-3 8.00 59.00 67.00 OK

Check Details

Version: 0.1-3
Check: Rd cross-references
Result: NOTE
    Undeclared package ‘carData’ in Rd xrefs
Flavor: r-devel-linux-x86_64-fedora-clang