CRAN Package Check Results for Package EffectStars2

Last updated on 2020-08-05 21:48:55 CEST.

Flavor Version Tinstall Tcheck Ttotal Status Flags
r-devel-linux-x86_64-debian-clang 0.1-3 4.09 36.78 40.87 OK
r-devel-linux-x86_64-debian-gcc 0.1-3 3.23 28.54 31.77 OK
r-devel-linux-x86_64-fedora-clang 0.1-3 58.05 NOTE
r-devel-linux-x86_64-fedora-gcc 0.1-3 47.27 OK
r-devel-windows-ix86+x86_64 0.1-3 12.00 54.00 66.00 OK
r-patched-linux-x86_64 0.1-3 3.40 35.95 39.35 OK
r-patched-solaris-x86 0.1-3 75.00 OK
r-release-linux-x86_64 0.1-3 3.81 35.78 39.59 OK
r-release-macos-x86_64 0.1-3 OK
r-release-windows-ix86+x86_64 0.1-3 11.00 67.00 78.00 OK
r-oldrel-macos-x86_64 0.1-3 OK
r-oldrel-windows-ix86+x86_64 0.1-3 7.00 61.00 68.00 OK

Check Details

Version: 0.1-3
Check: Rd cross-references
Result: NOTE
    Undeclared package ‘carData’ in Rd xrefs
Flavor: r-devel-linux-x86_64-fedora-clang