CRAN Package Check Results for Package EigenR

Last updated on 2022-08-16 13:49:15 CEST.

Flavor Version Tinstall Tcheck Ttotal Status Flags
r-devel-linux-x86_64-debian-clang 1.2.3 462.73 31.01 493.74 OK
r-devel-linux-x86_64-debian-gcc 1.2.3 397.28 36.58 433.86 OK
r-devel-linux-x86_64-fedora-clang 1.2.3 608.09 OK
r-devel-linux-x86_64-fedora-gcc 1.2.3 788.41 OK
r-devel-windows-x86_64 1.2.3 274.00 98.00 372.00 OK
r-patched-linux-x86_64 1.2.3 415.91 46.18 462.09 OK
r-release-linux-x86_64 1.2.3 435.44 46.66 482.10 OK
r-release-macos-arm64 1.2.3 218.00 NOTE
r-release-macos-x86_64 1.2.3 223.00 NOTE
r-release-windows-x86_64 1.2.3 257.00 101.00 358.00 OK
r-oldrel-macos-arm64 1.2.3 195.00 NOTE
r-oldrel-macos-x86_64 1.2.3 221.00 NOTE
r-oldrel-windows-ix86+x86_64 1.2.3 981.00 107.00 1088.00 OK

Check Details

Version: 1.2.3
Check: installed package size
Result: NOTE
     installed size is 142.4Mb
     sub-directories of 1Mb or more:
     libs 142.3Mb
Flavors: r-release-macos-arm64, r-release-macos-x86_64, r-oldrel-macos-arm64, r-oldrel-macos-x86_64