CRAN Package Check Results for Package EloChoice

Last updated on 2022-10-03 05:50:45 CEST.

Flavor Version Tinstall Tcheck Ttotal Status Flags
r-devel-linux-x86_64-debian-clang 0.29.4 32.35 112.47 144.82 OK
r-devel-linux-x86_64-debian-gcc 0.29.4 26.39 91.00 117.39 OK
r-devel-linux-x86_64-fedora-clang 0.29.4 196.14 NOTE
r-devel-linux-x86_64-fedora-gcc 0.29.4 188.38 OK
r-devel-windows-x86_64 0.29.4 44.00 171.00 215.00 OK
r-patched-linux-x86_64 0.29.4 29.49 110.28 139.77 OK
r-release-linux-x86_64 0.29.4 26.12 107.14 133.26 OK
r-release-macos-arm64 0.29.4 71.00 OK
r-release-macos-x86_64 0.29.4 86.00 OK
r-release-windows-x86_64 0.29.4 36.00 167.00 203.00 OK
r-oldrel-macos-arm64 0.29.4 93.00 OK
r-oldrel-macos-x86_64 0.29.4 130.00 OK
r-oldrel-windows-ix86+x86_64 0.29.4 83.00 195.00 278.00 OK

Check Details

Version: 0.29.4
Check: Rd cross-references
Result: NOTE
    Undeclared package ‘EloRating’ in Rd xrefs
Flavor: r-devel-linux-x86_64-fedora-clang