CRAN Package Check Results for Package EpiDynamics

Last updated on 2020-02-21 00:49:39 CET.

Flavor Version Tinstall Tcheck Ttotal Status Flags
r-devel-linux-x86_64-debian-clang 0.3.1 6.28 110.02 116.30 OK
r-devel-linux-x86_64-debian-gcc 0.3.1 4.90 76.08 80.98 OK
r-devel-linux-x86_64-fedora-clang 0.3.1 129.93 OK
r-devel-linux-x86_64-fedora-gcc 0.3.1 125.97 OK
r-devel-windows-ix86+x86_64 0.3.1 10.00 107.00 117.00 OK
r-devel-windows-ix86+x86_64-gcc8 0.3.1 3.00 9.00 12.00 ERROR
r-patched-linux-x86_64 0.3.1 5.82 91.01 96.83 OK
r-patched-solaris-x86 0.3.1 168.00 OK
r-release-linux-x86_64 0.3.1 5.21 92.56 97.77 OK
r-release-windows-ix86+x86_64 0.3.1 13.00 110.00 123.00 OK
r-release-osx-x86_64 0.3.1 OK
r-oldrel-windows-ix86+x86_64 0.3.0 6.00 111.00 117.00 WARN
r-oldrel-osx-x86_64 0.3.1 ERROR

Check Details

Version: 0.3.1
Check: whether package can be installed
Result: ERROR
    Installation failed.
Flavors: r-devel-windows-ix86+x86_64-gcc8, r-oldrel-osx-x86_64

Version: 0.3.0
Check: whether package can be installed
Result: WARN
    Found the following significant warnings:
     Warning: S3 methods '[.fun_list', '[.grouped_df', 'all.equal.tbl_df', 'anti_join.data.frame', 'anti_join.tbl_df', 'arrange.data.frame', 'arrange.default', 'arrange.grouped_df', 'arrange.tbl_df', 'arrange_.data.frame', 'arrange_.tbl_df', 'as.data.frame.grouped_df', 'as.data.frame.rowwise_df', 'as.data.frame.tbl_cube', 'as.table.tbl_cube', 'as.tbl.data.frame', 'as.tbl.tbl', 'as.tbl_cube.array', 'as.tbl_cube.data.frame', 'as.tbl_cube.matrix', 'as.tbl_cube.table', 'as_tibble.grouped_df', 'as_tibble.tbl_cube', 'auto_copy.tbl_cube', 'auto_copy.tbl_df', 'cbind.grouped_df', 'collapse.data.frame', 'collect.data.frame', 'common_by.NULL', 'common_by.character', 'common_by.default', 'common_by.list', 'compute.data.frame', 'copy_to.DBIConnection', 'copy_to.src_local', 'default_missing.data.frame', 'default_missing.default', 'dim.tbl_cube', 'distinct.data.frame', 'distinct.default', 'distinct.grouped_df', 'distinct.tbl_df', 'distinct_.data.frame', 'distinct_.grouped_df', 'distinct_.tbl_df', 'do.NULL', 'do.da [... truncated]
Flavor: r-oldrel-windows-ix86+x86_64