CRAN Package Check Results for Package EpiReport

Last updated on 2020-08-10 02:46:54 CEST.

Flavor Version Tinstall Tcheck Ttotal Status Flags
r-devel-linux-x86_64-debian-clang 0.1.1 5.89 65.09 70.98 OK
r-devel-linux-x86_64-debian-gcc 0.1.1 4.07 49.49 53.56 OK
r-devel-linux-x86_64-fedora-clang 0.1.1 89.67 NOTE
r-devel-linux-x86_64-fedora-gcc 0.1.1 82.62 NOTE
r-devel-windows-ix86+x86_64 0.1.1 10.00 103.00 113.00 OK
r-patched-linux-x86_64 0.1.1 5.78 62.82 68.60 OK
r-patched-solaris-x86 0.1.1 130.40 NOTE
r-release-linux-x86_64 0.1.1 4.37 62.51 66.88 OK
r-release-macos-x86_64 0.1.1 NOTE
r-release-windows-ix86+x86_64 0.1.1 15.00 102.00 117.00 OK
r-oldrel-macos-x86_64 0.1.1 NOTE
r-oldrel-windows-ix86+x86_64 0.1.1 8.00 84.00 92.00 OK

Check Details

Version: 0.1.1
Check: dependencies in R code
Result: NOTE
    Namespaces in Imports field not imported from:
     ‘extrafont’ ‘graphics’ ‘knitr’ ‘rmarkdown’ ‘utils’
     All declared Imports should be used.
Flavors: r-devel-linux-x86_64-fedora-clang, r-devel-linux-x86_64-fedora-gcc, r-patched-solaris-x86, r-release-macos-x86_64, r-oldrel-macos-x86_64