CRAN Package Check Results for Package EvCombR

Last updated on 2022-01-26 04:52:37 CET.

Flavor Version Tinstall Tcheck Ttotal Status Flags
r-devel-linux-x86_64-debian-clang 0.1-2 3.18 35.84 39.02 NOTE
r-devel-linux-x86_64-debian-gcc 0.1-2 2.66 28.87 31.53 NOTE
r-devel-linux-x86_64-fedora-clang 0.1-2 50.28 NOTE
r-devel-linux-x86_64-fedora-gcc 0.1-2 38.99 NOTE
r-devel-windows-x86_64-new-UL 0.1-2 49.00 61.00 110.00 NOTE
r-devel-windows-x86_64-new-TK 0.1-2 NOTE
r-patched-linux-x86_64 0.1-2 2.82 34.57 37.39 NOTE
r-release-linux-x86_64 0.1-2 3.06 34.72 37.78 NOTE
r-release-macos-arm64 0.1-2 NOTE
r-release-macos-x86_64 0.1-2 NOTE
r-release-windows-ix86+x86_64 0.1-2 7.00 46.00 53.00 NOTE
r-oldrel-macos-x86_64 0.1-2 NOTE
r-oldrel-windows-ix86+x86_64 0.1-2 6.00 45.00 51.00 NOTE

Check Details

Version: 0.1-2
Check: DESCRIPTION meta-information
Result: NOTE
    Malformed Description field: should contain one or more complete sentences.
Flavors: r-devel-linux-x86_64-debian-clang, r-devel-linux-x86_64-debian-gcc, r-devel-linux-x86_64-fedora-clang, r-devel-linux-x86_64-fedora-gcc, r-devel-windows-x86_64-new-UL, r-devel-windows-x86_64-new-TK, r-patched-linux-x86_64, r-release-linux-x86_64, r-release-macos-arm64, r-release-macos-x86_64, r-release-windows-ix86+x86_64, r-oldrel-macos-x86_64, r-oldrel-windows-ix86+x86_64

Version: 0.1-2
Check: R code for possible problems
Result: NOTE
    powerSet : <anonymous>: no visible global function definition for
     'combn'
    Undefined global functions or variables:
     combn
    Consider adding
     importFrom("utils", "combn")
    to your NAMESPACE file.
Flavors: r-devel-linux-x86_64-debian-clang, r-devel-linux-x86_64-debian-gcc, r-devel-linux-x86_64-fedora-clang, r-devel-linux-x86_64-fedora-gcc, r-devel-windows-x86_64-new-UL, r-devel-windows-x86_64-new-TK, r-patched-linux-x86_64, r-release-linux-x86_64, r-release-macos-arm64, r-release-macos-x86_64, r-release-windows-ix86+x86_64, r-oldrel-macos-x86_64, r-oldrel-windows-ix86+x86_64