CRAN Package Check Results for Package ExomeDepth

Last updated on 2020-12-05 05:48:13 CET.

Flavor Version Tinstall Tcheck Ttotal Status Flags
r-devel-linux-x86_64-debian-clang 1.1.15 38.72 301.63 340.35 OK
r-devel-linux-x86_64-debian-gcc 1.1.15 33.58 230.49 264.07 OK
r-devel-linux-x86_64-fedora-clang 1.1.15 430.69 OK
r-devel-linux-x86_64-fedora-gcc 1.1.15 410.48 OK
r-devel-windows-ix86+x86_64 1.1.15 101.00 443.00 544.00 OK
r-patched-linux-x86_64 1.1.15 37.81 280.88 318.69 OK
r-patched-solaris-x86 1.1.15 584.00 OK
r-release-linux-x86_64 1.1.15 37.18 278.37 315.55 OK
r-release-macos-x86_64 1.1.15 WARN
r-release-windows-ix86+x86_64 1.1.15 76.00 398.00 474.00 OK
r-oldrel-macos-x86_64 1.1.15 ERROR
r-oldrel-windows-ix86+x86_64 1.1.15 94.00 420.00 514.00 OK

Check Details

Version: 1.1.15
Check: whether package can be installed
Result: WARN
    Found the following significant warnings:
     VP_psi.c:843:8: warning: 'gsl_finite' is deprecated: first deprecated in macOS 10.9 [-Wdeprecated-declarations]
     VP_psi.c:843:41: warning: 'gsl_finite' is deprecated: first deprecated in macOS 10.9 [-Wdeprecated-declarations]
Flavor: r-release-macos-x86_64

Version: 1.1.15
Check: whether package can be installed
Result: ERROR
    Installation failed.
Flavor: r-oldrel-macos-x86_64