Last updated on 2023-02-02 16:53:55 CET.
Flavor | Version | Tinstall | Tcheck | Ttotal | Status | Flags |
---|---|---|---|---|---|---|
r-devel-linux-x86_64-debian-clang | 0.1.0 | 3.51 | 47.16 | 50.67 | OK | |
r-devel-linux-x86_64-debian-gcc | 0.1.0 | 3.24 | 36.24 | 39.48 | OK | |
r-devel-linux-x86_64-fedora-clang | 0.1.0 | 66.20 | OK | |||
r-devel-linux-x86_64-fedora-gcc | 0.1.0 | 64.61 | OK | |||
r-patched-linux-x86_64 | 0.1.0 | 3.84 | 46.73 | 50.57 | OK | |
r-release-linux-x86_64 | 0.1.0 | 3.49 | 47.36 | 50.85 | OK | |
r-release-macos-arm64 | 0.1.0 | 24.00 | OK | |||
r-release-macos-x86_64 | 0.1.0 | 31.00 | OK | |||
r-release-windows-x86_64 | 0.1.0 | 34.00 | 82.00 | 116.00 | OK | |
r-oldrel-macos-arm64 | 0.1.0 | 9.00 | ERROR | |||
r-oldrel-macos-x86_64 | 0.1.0 | 11.00 | ERROR | |||
r-oldrel-windows-ix86+x86_64 | 0.1.0 | 10.00 | 70.00 | 80.00 | OK |
Version: 0.1.0
Check: package dependencies
Result: ERROR
Package required and available but unsuitable version: ‘DESeq2’
See section ‘The DESCRIPTION file’ in the ‘Writing R Extensions’
manual.
Flavors: r-oldrel-macos-arm64, r-oldrel-macos-x86_64