CRAN Package Check Results for Package FAOSTAT

Last updated on 2019-09-23 20:47:33 CEST.

Flavor Version Tinstall Tcheck Ttotal Status Flags
r-devel-linux-x86_64-debian-clang 2.0 5.75 49.06 54.81 NOTE
r-devel-linux-x86_64-debian-gcc 2.0 4.43 37.47 41.90 NOTE
r-devel-linux-x86_64-fedora-clang 2.0 67.94 NOTE
r-devel-linux-x86_64-fedora-gcc 2.0 67.21 NOTE
r-devel-windows-ix86+x86_64 2.0 24.00 93.00 117.00 NOTE
r-patched-linux-x86_64 2.0 4.53 46.48 51.01 NOTE
r-patched-solaris-x86 2.0 98.00 NOTE
r-release-linux-x86_64 2.0 4.54 47.12 51.66 NOTE
r-release-windows-ix86+x86_64 2.0 14.00 98.00 112.00 NOTE
r-release-osx-x86_64 2.0 NOTE
r-oldrel-windows-ix86+x86_64 2.0 7.00 62.00 69.00 WARN
r-oldrel-osx-x86_64 2.0 NOTE

Check Details

Version: 2.0
Check: R code for possible problems
Result: NOTE
    Aggregation : foo: no visible global function definition for
     'weighted.mean'
    Aggregation: no visible global function definition for 'txtProgressBar'
    Aggregation: no visible global function definition for
     'setTxtProgressBar'
    constructSYB: no visible global function definition for 'str'
    fillCountryCode: no visible global function definition for 'na.omit'
    getFAO: no visible global function definition for 'read.csv'
    getWDImetaData: no visible global function definition for 'write.csv'
    getWDItoSYB: no visible global function definition for 'na.omit'
    lsgr: no visible global function definition for 'na.omit'
    lsgr: no visible global function definition for 'coef'
    lsgr: no visible global function definition for 'lm'
    Undefined global functions or variables:
     coef lm na.omit read.csv setTxtProgressBar str txtProgressBar
     weighted.mean write.csv
    Consider adding
     importFrom("stats", "coef", "lm", "na.omit", "weighted.mean")
     importFrom("utils", "read.csv", "setTxtProgressBar", "str",
     "txtProgressBar", "write.csv")
    to your NAMESPACE file.
Flavors: r-devel-linux-x86_64-debian-clang, r-devel-linux-x86_64-debian-gcc, r-devel-linux-x86_64-fedora-clang, r-devel-linux-x86_64-fedora-gcc, r-devel-windows-ix86+x86_64, r-patched-linux-x86_64, r-patched-solaris-x86, r-release-linux-x86_64, r-release-windows-ix86+x86_64, r-release-osx-x86_64, r-oldrel-windows-ix86+x86_64, r-oldrel-osx-x86_64

Version: 2.0
Check: data for non-ASCII characters
Result: NOTE
     Note: found 179 marked UTF-8 strings
Flavors: r-devel-linux-x86_64-fedora-clang, r-devel-linux-x86_64-fedora-gcc, r-patched-solaris-x86, r-release-osx-x86_64, r-oldrel-osx-x86_64

Version: 2.0
Check: whether package can be installed
Result: WARN
    Found the following significant warnings:
     Warning: S3 methods '[.fun_list', '[.grouped_df', 'all.equal.tbl_df', 'anti_join.data.frame', 'anti_join.tbl_df', 'arrange.data.frame', 'arrange.default', 'arrange.grouped_df', 'arrange.tbl_df', 'arrange_.data.frame', 'arrange_.tbl_df', 'as.data.frame.grouped_df', 'as.data.frame.rowwise_df', 'as.data.frame.tbl_cube', 'as.table.tbl_cube', 'as.tbl.data.frame', 'as.tbl.tbl', 'as.tbl_cube.array', 'as.tbl_cube.data.frame', 'as.tbl_cube.matrix', 'as.tbl_cube.table', 'as_tibble.grouped_df', 'as_tibble.tbl_cube', 'auto_copy.tbl_cube', 'auto_copy.tbl_df', 'cbind.grouped_df', 'collapse.data.frame', 'collect.data.frame', 'common_by.NULL', 'common_by.character', 'common_by.default', 'common_by.list', 'compute.data.frame', 'copy_to.DBIConnection', 'copy_to.src_local', 'default_missing.data.frame', 'default_missing.default', 'dim.tbl_cube', 'distinct.data.frame', 'distinct.default', 'distinct.grouped_df', 'distinct.tbl_df', 'distinct_.data.frame', 'distinct_.grouped_df', 'distinct_.tbl_df', 'do.NULL', 'do.da [... truncated]
Flavor: r-oldrel-windows-ix86+x86_64