CRAN Package Check Results for Package FAOSTAT

Last updated on 2020-07-09 22:48:45 CEST.

Flavor Version Tinstall Tcheck Ttotal Status Flags
r-devel-linux-x86_64-debian-clang 2.1.2 5.85 59.66 65.51 OK
r-devel-linux-x86_64-debian-gcc 2.1.2 5.59 45.04 50.63 OK
r-devel-linux-x86_64-fedora-clang 2.1.2 89.04 NOTE
r-devel-linux-x86_64-fedora-gcc 2.1.2 77.25 NOTE
r-devel-windows-ix86+x86_64 2.1.2 16.00 75.00 91.00 OK
r-patched-linux-x86_64 2.1.2 6.88 58.19 65.07 OK
r-patched-solaris-x86 2.1.2 111.20 NOTE
r-release-linux-x86_64 2.1.2 6.32 58.32 64.64 OK
r-release-osx-x86_64 2.1.2 NOTE
r-release-windows-ix86+x86_64 2.1.2 15.00 75.00 90.00 OK
r-oldrel-osx-x86_64 2.1.2 NOTE
r-oldrel-windows-ix86+x86_64 2.1.2 20.00 72.00 92.00 OK

Check Details

Version: 2.1.2
Check: data for non-ASCII characters
Result: NOTE
     Note: found 179 marked UTF-8 strings
Flavors: r-devel-linux-x86_64-fedora-clang, r-devel-linux-x86_64-fedora-gcc, r-patched-solaris-x86, r-release-osx-x86_64, r-oldrel-osx-x86_64