Last updated on 2023-11-30 23:55:39 CET.
Flavor | Version | Tinstall | Tcheck | Ttotal | Status | Flags |
---|---|---|---|---|---|---|
r-devel-linux-x86_64-debian-clang | 1.0-12.3 | 13.01 | 107.27 | 120.28 | NOTE | |
r-devel-linux-x86_64-debian-gcc | 1.0-12.3 | 9.98 | 80.76 | 90.74 | NOTE | |
r-devel-linux-x86_64-fedora-clang | 1.0-12.3 | 145.47 | NOTE | |||
r-devel-linux-x86_64-fedora-gcc | 1.0-12.3 | 148.03 | NOTE | |||
r-devel-windows-x86_64 | 1.0-12.3 | 10.00 | 112.00 | 122.00 | OK | |
r-patched-linux-x86_64 | 1.0-12.3 | 10.70 | 103.79 | 114.49 | NOTE | |
r-release-linux-x86_64 | 1.0-12.2 | 11.00 | 102.90 | 113.90 | NOTE | |
r-release-macos-arm64 | 1.0-12.3 | 51.00 | OK | |||
r-release-macos-x86_64 | 1.0-12.3 | 123.00 | OK | |||
r-release-windows-x86_64 | 1.0-12.3 | 14.00 | 114.00 | 128.00 | OK | |
r-oldrel-macos-arm64 | 1.0-12.3 | 49.00 | OK | |||
r-oldrel-macos-x86_64 | 1.0-12.1 | 69.00 | OK | |||
r-oldrel-windows-x86_64 | 1.0-12.3 | 16.00 | 121.00 | 137.00 | OK |
Version: 1.0-12.3
Check: for non-standard things in the check directory
Result: NOTE
Found the following files/directories:
‘vert.txt’
Flavors: r-devel-linux-x86_64-debian-clang, r-devel-linux-x86_64-debian-gcc, r-devel-linux-x86_64-fedora-clang, r-devel-linux-x86_64-fedora-gcc, r-patched-linux-x86_64
Version: 1.0-12.3
Check: compiled code
Result: NOTE
File ‘FD/libs/FD.so’:
Found no calls to: ‘R_registerRoutines’, ‘R_useDynamicSymbols’
It is good practice to register native routines and to disable symbol
search.
See ‘Writing portable packages’ in the ‘Writing R Extensions’ manual.
Flavors: r-devel-linux-x86_64-fedora-clang, r-devel-linux-x86_64-fedora-gcc
Version: 1.0-12.2
Check: for non-standard things in the check directory
Result: NOTE
Found the following files/directories:
‘vert.txt’
Flavor: r-release-linux-x86_64