CRAN Package Check Results for Package FDGcopulas

Last updated on 2019-09-15 05:46:13 CEST.

Flavor Version Tinstall Tcheck Ttotal Status Flags
r-devel-linux-x86_64-debian-clang 1.0 23.59 27.48 51.07 NOTE
r-devel-linux-x86_64-debian-gcc 1.0 16.97 22.45 39.42 NOTE
r-devel-linux-x86_64-fedora-clang 1.0 70.82 NOTE
r-devel-linux-x86_64-fedora-gcc 1.0 65.62 NOTE
r-devel-windows-ix86+x86_64 1.0 64.00 65.00 129.00 NOTE
r-patched-linux-x86_64 1.0 18.32 27.58 45.90 NOTE
r-patched-solaris-x86 1.0 81.40 NOTE
r-release-linux-x86_64 1.0 19.93 27.22 47.15 NOTE
r-release-windows-ix86+x86_64 1.0 46.00 62.00 108.00 NOTE
r-release-osx-x86_64 1.0 NOTE
r-oldrel-windows-ix86+x86_64 1.0 60.00 66.00 126.00 NOTE
r-oldrel-osx-x86_64 1.0 NOTE

Check Details

Version: 1.0
Check: R code for possible problems
Result: NOTE
    asymp.vcov: no visible global function definition for 'cov'
    corFDG: no visible global function definition for 'cor'
    g.exponential: no visible global function definition for 'integrate'
    rho.exponential: no visible global function definition for 'integrate'
    rho.sinus: no visible global function definition for 'integrate'
    tau.exponential: no visible global function definition for 'integrate'
    tau.sinus: no visible global function definition for 'integrate'
    tfun.sinus.rho: no visible global function definition for 'integrate'
    wlsdc: no visible global function definition for 'optim'
    Undefined global functions or variables:
     cor cov integrate optim
    Consider adding
     importFrom("stats", "cor", "cov", "integrate", "optim")
    to your NAMESPACE file.
Flavors: r-devel-linux-x86_64-debian-clang, r-devel-linux-x86_64-debian-gcc, r-devel-linux-x86_64-fedora-clang, r-devel-linux-x86_64-fedora-gcc, r-devel-windows-ix86+x86_64, r-patched-linux-x86_64, r-patched-solaris-x86, r-release-linux-x86_64, r-release-windows-ix86+x86_64, r-release-osx-x86_64, r-oldrel-windows-ix86+x86_64, r-oldrel-osx-x86_64

Version: 1.0
Check: compiled code
Result: NOTE
    File ‘FDGcopulas/libs/FDGcopulas.so’:
     Found no calls to: ‘R_registerRoutines’, ‘R_useDynamicSymbols’
    
    It is good practice to register native routines and to disable symbol
    search.
    
    See ‘Writing portable packages’ in the ‘Writing R Extensions’ manual.
Flavors: r-devel-linux-x86_64-fedora-clang, r-devel-linux-x86_64-fedora-gcc