Last updated on 2022-08-10 13:49:18 CEST.
Flavor | Version | Tinstall | Tcheck | Ttotal | Status | Flags |
---|---|---|---|---|---|---|
r-devel-linux-x86_64-debian-clang | 1.5 | 9.86 | 86.13 | 95.99 | OK | |
r-devel-linux-x86_64-debian-gcc | 1.5 | 6.93 | 63.62 | 70.55 | OK | |
r-devel-linux-x86_64-fedora-clang | 1.5 | 127.71 | NOTE | |||
r-devel-linux-x86_64-fedora-gcc | 1.5 | 132.63 | OK | |||
r-devel-windows-x86_64 | 1.5 | 14.00 | 108.00 | 122.00 | OK | |
r-patched-linux-x86_64 | 1.5 | 7.29 | 82.80 | 90.09 | OK | |
r-release-linux-x86_64 | 1.5 | OK | ||||
r-release-macos-arm64 | 1.5 | 38.00 | OK | |||
r-release-macos-x86_64 | 1.5 | 52.00 | OK | |||
r-release-windows-x86_64 | 1.5 | 19.00 | 114.00 | 133.00 | OK | |
r-oldrel-macos-arm64 | 1.5 | 49.00 | OK | |||
r-oldrel-macos-x86_64 | 1.5 | 74.00 | OK | |||
r-oldrel-windows-ix86+x86_64 | 1.5 | 20.00 | 107.00 | 127.00 | OK |
Version: 1.5
Check: Rd cross-references
Result: NOTE
Undeclared packages ‘MLEcens’, ‘Icens’ in Rd xrefs
Flavor: r-devel-linux-x86_64-fedora-clang