Last updated on 2023-09-25 17:02:01 CEST.
Flavor | Version | Tinstall | Tcheck | Ttotal | Status | Flags |
---|---|---|---|---|---|---|
r-devel-linux-x86_64-debian-clang | 3.5.4 | 54.43 | 539.10 | 593.53 | OK | |
r-devel-linux-x86_64-debian-gcc | 3.5.4 | 42.70 | 389.11 | 431.81 | OK | |
r-devel-linux-x86_64-fedora-clang | 3.5.4 | 680.52 | NOTE | |||
r-devel-linux-x86_64-fedora-gcc | 3.5.4 | 684.25 | OK | |||
r-devel-windows-x86_64 | 3.5.4 | 48.00 | 442.00 | 490.00 | NOTE | |
r-patched-linux-x86_64 | 3.5.4 | 38.82 | 473.22 | 512.04 | OK | |
r-release-linux-x86_64 | 3.5.4 | 39.83 | 471.22 | 511.05 | OK | |
r-release-macos-arm64 | 3.5.4 | 122.00 | NOTE | |||
r-release-macos-x86_64 | 3.5.4 | 234.00 | NOTE | |||
r-release-windows-x86_64 | 3.5.4 | 63.00 | 549.00 | 612.00 | NOTE | |
r-oldrel-macos-arm64 | 3.5.4 | 123.00 | NOTE | |||
r-oldrel-macos-x86_64 | 3.5.4 | 250.00 | NOTE | |||
r-oldrel-windows-x86_64 | 3.5.4 | 63.00 | 377.00 | 440.00 | NOTE |
Version: 3.5.4
Check: installed package size
Result: NOTE
installed size is 10.3Mb
sub-directories of 1Mb or more:
R 4.5Mb
doc 2.1Mb
extdata 2.1Mb
Flavors: r-devel-linux-x86_64-fedora-clang, r-devel-windows-x86_64, r-release-macos-arm64, r-release-macos-x86_64, r-release-windows-x86_64, r-oldrel-macos-arm64, r-oldrel-macos-x86_64, r-oldrel-windows-x86_64