Last updated on 2023-06-06 01:03:27 CEST.
Flavor | Version | Tinstall | Tcheck | Ttotal | Status | Flags |
---|---|---|---|---|---|---|
r-devel-linux-x86_64-debian-clang | 1.1.7 | 39.43 | 142.88 | 182.31 | OK | |
r-devel-linux-x86_64-debian-gcc | 1.1.7 | 30.32 | 103.25 | 133.57 | OK | |
r-devel-linux-x86_64-fedora-clang | 1.1.7 | 230.92 | OK | |||
r-devel-linux-x86_64-fedora-gcc | 1.1.7 | 215.63 | OK | |||
r-devel-windows-x86_64 | 1.1.7 | 33.00 | 127.00 | 160.00 | OK | |
r-patched-linux-x86_64 | 1.1.7 | 40.72 | 131.05 | 171.77 | OK | |
r-release-linux-x86_64 | 1.1.7 | 35.81 | 133.80 | 169.61 | OK | |
r-release-macos-arm64 | 1.1.7 | 58.00 | OK | |||
r-release-macos-x86_64 | 1.1.5 | 102.00 | NOTE | |||
r-release-windows-x86_64 | 1.1.7 | 42.00 | 157.00 | 199.00 | OK | |
r-oldrel-macos-arm64 | 1.1.7 | 62.00 | OK | |||
r-oldrel-macos-x86_64 | 1.1.7 | 79.00 | OK | |||
r-oldrel-windows-x86_64 | 1.1.7 | 41.00 | 150.00 | 191.00 | OK |
Version: 1.1.5
Check: installed package size
Result: NOTE
installed size is 7.0Mb
sub-directories of 1Mb or more:
data 3.1Mb
libs 3.3Mb
Flavor: r-release-macos-x86_64