CRAN Package Check Results for Package FIT

Last updated on 2025-01-17 21:49:31 CET.

Flavor Version Tinstall Tcheck Ttotal Status Flags
r-devel-linux-x86_64-debian-clang 0.0.6 30.08 77.56 107.64 NOTE
r-devel-linux-x86_64-debian-gcc 0.0.6 26.61 56.20 82.81 NOTE
r-devel-linux-x86_64-fedora-clang 0.0.6 190.82 NOTE
r-devel-linux-x86_64-fedora-gcc 0.0.6 223.47 NOTE
r-devel-windows-x86_64 0.0.6 32.00 113.00 145.00 NOTE
r-patched-linux-x86_64 0.0.6 37.28 77.85 115.13 NOTE
r-release-linux-x86_64 0.0.6 34.84 77.51 112.35 NOTE
r-release-macos-arm64 0.0.6 55.00 NOTE
r-release-macos-x86_64 0.0.6 98.00 NOTE
r-release-windows-x86_64 0.0.6 36.00 114.00 150.00 NOTE
r-oldrel-macos-arm64 0.0.6 63.00 NOTE
r-oldrel-macos-x86_64 0.0.6 102.00 NOTE
r-oldrel-windows-x86_64 0.0.6 40.00 134.00 174.00 NOTE

Check Details

Version: 0.0.6
Check: C++ specification
Result: NOTE Specified C++11: please drop specification unless essential Flavors: r-devel-linux-x86_64-debian-clang, r-devel-linux-x86_64-debian-gcc, r-devel-linux-x86_64-fedora-clang, r-devel-linux-x86_64-fedora-gcc, r-devel-windows-x86_64, r-patched-linux-x86_64, r-release-linux-x86_64, r-release-macos-arm64, r-release-macos-x86_64, r-release-windows-x86_64, r-oldrel-macos-arm64, r-oldrel-macos-x86_64, r-oldrel-windows-x86_64

Version: 0.0.6
Check: dependencies in R code
Result: NOTE Namespaces in Imports field not imported from: ‘MASS’ ‘XML’ ‘gglasso’ ‘methods’ All declared Imports should be used. Flavors: r-devel-linux-x86_64-fedora-clang, r-devel-linux-x86_64-fedora-gcc

Version: 0.0.6
Check: LazyData
Result: NOTE 'LazyData' is specified without a 'data' directory Flavors: r-patched-linux-x86_64, r-release-linux-x86_64, r-release-macos-arm64, r-release-macos-x86_64, r-release-windows-x86_64, r-oldrel-macos-arm64, r-oldrel-macos-x86_64, r-oldrel-windows-x86_64

Version: 0.0.6
Check: installed package size
Result: NOTE installed size is 12.5Mb sub-directories of 1Mb or more: libs 11.5Mb Flavors: r-release-macos-arm64, r-release-macos-x86_64, r-oldrel-macos-arm64, r-oldrel-macos-x86_64